000
CXUS55 KGGW 230800
CF6JDN
PRELIMINARY LOCAL CLIMATOLOGICAL DATA (WS FORM: F-6)

                                          STATION:   JORDAN  ASOS MT
                                          MONTH:     MAY
                                          YEAR:      2018
                                          LATITUDE:   47 19 N
                                          LONGITUDE: 106 50 W

  TEMPERATURE IN F:       :PCPN:    SNOW:  WIND      :SUNSHINE: SKY     :PK WND
================================================================================
1   2   3   4   5  6A  6B    7    8   9   10  11  12  13   14  15   16   17  18
                                     12Z  AVG MX 2MIN
DY MAX MIN AVG DEP HDD CDD  WTR  SNW DPTH SPD SPD DIR MIN PSBL S-S WX    SPD DR
================================================================================

 1  63  41  52   4  13   0 0.00  0.0    0  5.3 17 240   M    M   0        22 220
 2  65  38  52   4  13   0 0.00  0.0    0  6.5 13 270   M    M   0        17 260
 3  73  42  58   9   7   0 0.00  0.0    0  8.0 18 300   M    M   0        25 310
 4  78  44  61  12   4   0 0.00  0.0    0 12.1 29 320   M    M   0        38 330
 5  78  45  62  13   3   0 0.00  0.0    0  7.4 20 280   M    M   0        25 270
 6  80  40  60  10   5   0 0.00  0.0    0  5.6 17 150   M    M   0        24 140
 7  81  52  67  17   0   2 0.11  0.0    0  8.7 22  20   M    M   0        28  30
 8  76  49  63  13   2   0 0.05    M    0  6.6 25 340   M    M   0        35 320
 9  75  44  60  10   5   0 0.00  0.0    0  9.7 22  90   M    M   0        27  60
10  53  41  47  -4  18   0 0.47    M    0 10.4 21 100   M    M   0        26  90
11  47  41  44  -7  21   0 0.00  0.0    0  8.4 16  10   M    M   0        19  10
12  57  42  50  -1  15   0 0.01    M    M  3.8 10  50   M    M   0        12  70
13  64  36  50  -2  15   0 0.01    M    0  5.9 23 260   M    M   0        41 250
14  77  48  63  11   2   0 0.00  0.0    0  6.1 22 310   M    M   0        25 310
15  79  44  62  10   3   0 0.00  0.0    0  7.1 20 200   M    M   0        26 210
16  84  42  63  10   2   0 0.00  0.0    0  5.5 20 180   M    M   0        27 210
17  81  52  67  14   0   2 0.02  0.0    0  8.7 35 310   M    M   0        42 320
18  53  44  49  -4  16   0 0.48    M    0 12.1 21  40   M    M   0        26  50
19  61  43  52  -2  13   0 0.00  0.0    0  6.3 21 130   M    M   0        26 130
20  71  40  56   2   9   0 0.00  0.0    0 11.7 23 150   M    M   0        29 150
21  80  45  63   9   2   0 0.00  0.0    M  3.9 20 230   M    M   0        24 230
22  77  53  65  11   0   0 0.03  0.0    0  4.6 20 140   M    M   0        23 260
================================================================================
SM 1553  966       168   4  1.18     0.0 164.4          M        0
================================================================================
AV 70.6 43.9                               7.5 FASTST   M    M   0    MAX(MPH)
                                 MISC ---->  # 35 310               # 42  320
================================================================================
NOTES:
# LAST OF SEVERAL OCCURRENCES

COLUMN 17 PEAK WIND IN M.P.H.

PRELIMINARY LOCAL CLIMATOLOGICAL DATA (WS FORM: F-6) , PAGE 2

                                          STATION:  JORDAN  ASOS MT
                                          MONTH:    MAY
                                          YEAR:     2018
                                          LATITUDE:   47 19 N
                                          LONGITUDE: 106 50 W

[TEMPERATURE DATA]      [PRECIPITATION DATA]       SYMBOLS USED IN COLUMN 16

AVERAGE MONTHLY: 57.3   TOTAL FOR MONTH:   1.18    1 = FOG OR MIST
DPTR FM NORMAL:   6.0   DPTR FM NORMAL:   -0.15    2 = FOG REDUCING VISIBILITY
HIGHEST:    84 ON 16    GRTST 24HR  0.48 ON 18-18      TO 1/4 MILE OR LESS
LOWEST:     36 ON 13                               3 = THUNDER
                        SNOW, ICE PELLETS, HAIL    4 = ICE PELLETS
                        TOTAL MONTH:   0.0 INCH    5 = HAIL
                        GRTST 24HR     0.0         6 = FREEZING RAIN OR DRIZZLE
                        GRTST DEPTH:   0           7 = DUSTSTORM OR SANDSTORM:
                                                       VSBY 1/2 MILE OR LESS
                                                   8 = SMOKE OR HAZE
[NO. OF DAYS WITH]      [WEATHER - DAYS WITH]      9 = BLOWING SNOW
                                                   X = TORNADO
MAX 32 OR BELOW:   0    0.01 INCH OR MORE:   8
MAX 90 OR ABOVE:   0    0.10 INCH OR MORE:   3
MIN 32 OR BELOW:   0    0.50 INCH OR MORE:   0
MIN  0 OR BELOW:   0    1.00 INCH OR MORE:   0

[HDD (BASE 65) ]
TOTAL THIS MO.   168    CLEAR  (SCALE 0-3)  22
DPTR FM NORMAL  -137    PTCLDY (SCALE 4-7)   0
TOTAL FM JUL 1  8759    CLOUDY (SCALE 8-10)  0
DPTR FM NORMAL   720

[CDD (BASE 65) ]
TOTAL THIS MO.     4
DPTR FM NORMAL     4    [PRESSURE DATA]
TOTAL FM JAN 1     4    HIGHEST SLP M ON M
DPTR FM NORMAL     4    LOWEST  SLP 29.69 ON 16

[REMARKS]
