000
CXHW53 PHFO 271250
CF6KOA
PRELIMINARY LOCAL CLIMATOLOGICAL DATA (WS FORM: F-6)

                                          STATION:   KONA HI
                                          MONTH:     MAY
                                          YEAR:      2018
                                          LATITUDE:   19 38 N
                                          LONGITUDE: 156  0 W

  TEMPERATURE IN F:       :PCPN:    SNOW:  WIND      :SUNSHINE: SKY     :PK WND
================================================================================
1   2   3   4   5  6A  6B    7    8   9   10  11  12  13   14  15   16   17  18
                                     12Z  AVG MX 2MIN
DY MAX MIN AVG DEP HDD CDD  WTR  SNW DPTH SPD SPD DIR MIN PSBL S-S WX    SPD DR
================================================================================

 1  82  71  77   0   0  12 0.00  0.0    M  5.9 15 180   M    M   M        18 180
 2  85  74  80   3   0  15 0.00  0.0    M  6.9 13 210   M    M   M        17 200
 3  87  76  82   5   0  17 0.01  0.0    M  9.2 20 290   M    M   M        29 290
 4  86  74  80   3   0  15 0.00  0.0    M  8.9 14 160   M    M   M        19 160
 5  85  76  81   4   0  16 0.00  0.0    M  7.9 15 270   M    M   M        18 330
 6  83  74  79   2   0  14 0.00  0.0    M  7.1 16 350   M    M   M        19 340
 7  86  74  80   3   0  15 0.00  0.0    M  6.1 16 330   M    M   M        19 320
 8  84  76  80   3   0  15 0.00  0.0    M  6.5 13 160   M    M   M        16 340
 9  85  76  81   4   0  16 0.03  0.0    M  7.6 16 200   M    M   M 8      19 190
10  83  75  79   2   0  14 0.00  0.0    M  6.2 14 170   M    M   M        16 160
11  84  72  78   1   0  13 0.00  0.0    M  6.9 18  40   M    M   M        21  40
12  86  71  79   2   0  14 0.00  0.0    M  8.1 20  40   M    M   M        24  40
13  85  74  80   3   0  15 0.00  0.0    M  8.5 20 180   M    M   M        23 180
14  86  71  79   2   0  14 0.00  0.0    M 10.0 18 200   M    M   M        23 200
15  85  74  80   3   0  15 0.00  0.0    M  7.0 15 220   M    M   M        20 200
16  86  74  80   2   0  15 0.00  0.0    M  9.2 16  10   M    M   M        19 200
17  87  74  81   3   0  16 0.00  0.0    M  5.7 17  30   M    M   M        19  30
18  87  75  81   3   0  16 0.00  0.0    M  9.3 25  60   M    M   M 8      31  40
19  87  71  79   1   0  14 0.00  0.0    M  8.1 21 350   M    M   M        28 360
20  83  73  78   0   0  13    T  0.0    M  5.5 14  50   M    M   M 8      16  40
21  86  73  80   2   0  15 0.00  0.0    M  6.8 15 160   M    M   M        18 150
22  87  75  81   3   0  16 0.00  0.0    M  7.7 22 340   M    M   M        27 330
23  86  75  81   3   0  16 0.00  0.0    M  9.4 20  10   M    M   M        22  20
24  85  73  79   1   0  14 0.00  0.0    M  7.3 13 200   M    M   M        17 190
25  84  74  79   1   0  14 0.00  0.0    M  6.0 13 210   M    M   M 8      16 200
26  84  74  79   1   0  14 0.00  0.0    M  6.2 14 210   M    M   M 8      17 210
================================================================================
SM 2214 1919         0 383  0.04     0.0 194.0          M        M
================================================================================
AV 85.2 73.8                               7.5 FASTST   M    M   0    MAX(MPH)
                                 MISC ---->  # 25  60               # 31   40
================================================================================
NOTES:
# LAST OF SEVERAL OCCURRENCES

COLUMN 17 PEAK WIND IN M.P.H.

PRELIMINARY LOCAL CLIMATOLOGICAL DATA (WS FORM: F-6) , PAGE 2

                                          STATION:  KONA HI
                                          MONTH:    MAY
                                          YEAR:     2018
                                          LATITUDE:   19 38 N
                                          LONGITUDE: 156  0 W

[TEMPERATURE DATA]      [PRECIPITATION DATA]       SYMBOLS USED IN COLUMN 16

AVERAGE MONTHLY: 79.5   TOTAL FOR MONTH:   0.04    1 = FOG OR MIST
DPTR FM NORMAL:   2.1   DPTR FM NORMAL:   -1.72    2 = FOG REDUCING VISIBILITY
HIGHEST:    87 ON 22,19 GRTST 24HR  0.15 ON 30- 1      TO 1/4 MILE OR LESS
LOWEST:     71 ON 19,14                            3 = THUNDER
                        SNOW, ICE PELLETS, HAIL    4 = ICE PELLETS
                        TOTAL MONTH:   0.0 INCH    5 = HAIL
                        GRTST 24HR     0.0         6 = FREEZING RAIN OR DRIZZLE
                        GRTST DEPTH:  M  ON   M    7 = DUSTSTORM OR SANDSTORM:
                                                       VSBY 1/2 MILE OR LESS
                                                   8 = SMOKE OR HAZE
[NO. OF DAYS WITH]      [WEATHER - DAYS WITH]      9 = BLOWING SNOW
                                                   X = TORNADO
MAX 32 OR BELOW:   0    0.01 INCH OR MORE:   2
MAX 90 OR ABOVE:   0    0.10 INCH OR MORE:   0
MIN 32 OR BELOW:   0    0.50 INCH OR MORE:   0
MIN  0 OR BELOW:   0    1.00 INCH OR MORE:   0

[HDD (BASE 65) ]
TOTAL THIS MO.     0    CLEAR  (SCALE 0-3)   0
DPTR FM NORMAL     0    PTCLDY (SCALE 4-7)   0
TOTAL FM JUL 1     0    CLOUDY (SCALE 8-10)  0
DPTR FM NORMAL     0

[CDD (BASE 65) ]
TOTAL THIS MO.   383
DPTR FM NORMAL    61    [PRESSURE DATA]
TOTAL FM JAN 1  1706    HIGHEST SLP M ON M
DPTR FM NORMAL   110    LOWEST  SLP 29.97 ON 15

[REMARKS]
