000
CXUS53 KGRR 230910
CF6LAN
PRELIMINARY LOCAL CLIMATOLOGICAL DATA (WS FORM: F-6)
STATION: LANSING
MONTH: APRIL
YEAR: 2024
LATITUDE: 42 46 N
LONGITUDE: 84 36 W
TEMPERATURE IN F: :PCPN: SNOW: WIND :SUNSHINE: SKY :PK WND
================================================================================
1 2 3 4 5 6A 6B 7 8 9 10 11 12 13 14 15 16 17 18
12Z AVG MX 2MIN
DY MAX MIN AVG DEP HDD CDD WTR SNW DPTH SPD SPD DIR MIN PSBL S-S WX SPD DR
================================================================================
1 54 36 45 4 20 0 0.25 0.0 0 10.1 21 40 M M 5 1 27 40
2 48 37 43 1 22 0 0.28 0.0 0 12.3 23 100 M M 10 1 32 230
3 46 34 40 -2 25 0 0.03 0.0 0 10.5 21 190 M M 10 1 30 160
4 44 34 39 -3 26 0 T 0.0 0 7.5 15 10 M M 10 21 20
5 49 32 41 -2 24 0 0.00 0.0 0 9.3 18 350 M M 8 27 340
6 57 31 44 1 21 0 0.00 0.0 0 4.9 14 360 M M 1 21 290
7 60 30 45 1 20 0 0.04 0.0 0 10.0 22 110 M M 3 29 110
8 73 45 59 15 6 0 T 0.0 0 10.5 25 220 M M 4 35 210
9 71 45 58 14 7 0 0.00 0.0 0 11.9 24 250 M M 0 34 240
10 67 38 53 8 12 0 0.00 0.0 0 4.0 13 140 M M 0 21 160
11 54 44 49 4 16 0 0.82 0.0 0 10.6 18 310 M M 10 1 29 320
12 51 44 48 2 17 0 0.26 0.0 0 18.9 31 300 M M 8 1 44 310
13 59 39 49 3 16 0 0.00 0.0 0 12.7 22 260 M M 0 29 260
14 77 48 63 17 2 0 0.00 0.0 0 11.9 24 270 M M 0 33 250
15 72 43 58 11 7 0 0.00 0.0 0 6.3 17 240 M M 1 1 21 300
16 71 42 57 10 8 0 T 0.0 0 12.1 22 110 M M 2 32 100
17 73 51 62 14 3 0 0.50 0.0 0 15.1 35 250 M M 9 13 43 250
18 60 48 54 6 11 0 0.10 0.0 0 8.3 18 280 M M 8 1 26 280
19 51 43 47 -1 18 0 0.16 0.0 0 14.1 29 260 M M 4 1 38 280
20 44 35 40 -9 25 0 0.01 T 0 11.5 22 250 M M 9 28 270
21 53 36 45 -4 20 0 0.00 0.0 0 11.1 23 260 M M 4 31 250
22 64 30 47 -3 18 0 0.00 0.0 0 9.9 23 220 M M 0 32 210
================================================================================
SM 1298 865 344 0 2.45 T 233.5 M 106
================================================================================
AV 59.0 39.3 10.6 FASTST M M 5 MAX(MPH)
MISC ----> 35 250 44 310
================================================================================
NOTES:
# LAST OF SEVERAL OCCURRENCES
COLUMN 17 PEAK WIND IN M.P.H.
PRELIMINARY LOCAL CLIMATOLOGICAL DATA (WS FORM: F-6) , PAGE 2
STATION: LANSING
MONTH: APRIL
YEAR: 2024
LATITUDE: 42 46 N
LONGITUDE: 84 36 W
[TEMPERATURE DATA] [PRECIPITATION DATA] SYMBOLS USED IN COLUMN 16
AVERAGE MONTHLY: 49.2 TOTAL FOR MONTH: 2.45 1 = FOG OR MIST
DPTR FM NORMAL: 3.7 DPTR FM NORMAL: 0.09 2 = FOG REDUCING VISIBILITY
HIGHEST: 77 ON 14 GRTST 24HR 0.89 ON 11-12 TO 1/4 MILE OR LESS
LOWEST: 30 ON 22, 7 3 = THUNDER
SNOW, ICE PELLETS, HAIL 4 = ICE PELLETS
TOTAL MONTH: T 5 = HAIL
GRTST 24HR T ON 20-20 6 = FREEZING RAIN OR DRIZZLE
GRTST DEPTH: 0 7 = DUSTSTORM OR SANDSTORM:
VSBY 1/2 MILE OR LESS
8 = SMOKE OR HAZE
[NO. OF DAYS WITH] [WEATHER - DAYS WITH] 9 = BLOWING SNOW
X = TORNADO
MAX 32 OR BELOW: 0 0.01 INCH OR MORE: 10
MAX 90 OR ABOVE: 0 0.10 INCH OR MORE: 7
MIN 32 OR BELOW: 4 0.50 INCH OR MORE: 2
MIN 0 OR BELOW: 0 1.00 INCH OR MORE: 0
[HDD (BASE 65) ]
TOTAL THIS MO. 344 CLEAR (SCALE 0-3) 9
DPTR FM NORMAL -91 PTCLDY (SCALE 4-7) 7
TOTAL FM JUL 1 5233 CLOUDY (SCALE 8-10) 6
DPTR FM NORMAL -978
[CDD (BASE 65) ]
TOTAL THIS MO. 0
DPTR FM NORMAL 0 [PRESSURE DATA]
TOTAL FM JAN 1 0 HIGHEST SLP M ON M
DPTR FM NORMAL -1 LOWEST SLP 29.22 ON 2
[REMARKS]