000
CXUS54 KCRP 191210
CF6LRD
PRELIMINARY LOCAL CLIMATOLOGICAL DATA (WS FORM: F-6)
STATION: LAREDO
MONTH: APRIL
YEAR: 2024
LATITUDE: 27 31 N
LONGITUDE: 99 28 W
TEMPERATURE IN F: :PCPN: SNOW: WIND :SUNSHINE: SKY :PK WND
================================================================================
1 2 3 4 5 6A 6B 7 8 9 10 11 12 13 14 15 16 17 18
12Z AVG MX 2MIN
DY MAX MIN AVG DEP HDD CDD WTR SNW DPTH SPD SPD DIR MIN PSBL S-S WX SPD DR
================================================================================
1 98 72 85 11 0 20 T 0.0 0 M M M M M 4 M M
2 87 65 76 2 0 11 0.00 0.0 0 M M M M M 2 M M
3 85 57 71 -3 0 6 0.00 0.0 0 M M M M M 0 M M
4 91 57 74 0 0 9 0.00 0.0 0 M M M M M 0 M M
5 91 59 75 0 0 10 0.00 0.0 0 M M M M M 0 M M
6 92 70 81 6 0 16 0.00 0.0 0 M M M M M 4 M M
7 88 72 80 5 0 15 0.00 0.0 0 M M M M M 5 M M
8 87 72 80 5 0 15 M 0.0 0 M M M M M 6 M M
9 100 66 83 8 0 18 0.15 0.0 0 M M M M M 5 3 M M
10 87 63 75 0 0 10 0.01 0.0 0 M M M M M 1 3 M M
11 90 56 73 -3 0 8 0.00 0.0 0 M M M M M 0 M M
12 90 60 75 -1 0 10 0.00 0.0 0 M M M M M 0 M M
13 91 66 79 3 0 14 0.00 0.0 0 M M M M M 0 M M
14 98 67 83 7 0 18 0.00 0.0 0 M M M M M 1 M M
15 97 73 85 9 0 20 0.00 0.0 0 M M M M M 5 M M
16 90 72 81 5 0 16 0.00 0.0 0 M M M M M 5 M M
17 89 74 82 6 0 17 0.00 0.0 0 M M M M M 4 M M
18 95 75 85 9 0 20 0.00 0.0 0 M M M M M 3 M M
================================================================================
SM 1646 1196 0 253 0.16 0.0 M M 45
================================================================================
AV 91.4 66.4 M FASTST M M 3 MAX(MPH)
MISC ----> M M M M
================================================================================
NOTES:
# LAST OF SEVERAL OCCURRENCES
COLUMN 17 PEAK WIND IN M.P.H.
PRELIMINARY LOCAL CLIMATOLOGICAL DATA (WS FORM: F-6) , PAGE 2
STATION: LAREDO
MONTH: APRIL
YEAR: 2024
LATITUDE: 27 31 N
LONGITUDE: 99 28 W
[TEMPERATURE DATA] [PRECIPITATION DATA] SYMBOLS USED IN COLUMN 16
AVERAGE MONTHLY: 78.9 TOTAL FOR MONTH: 0.16 1 = FOG OR MIST
DPTR FM NORMAL: 3.7 DPTR FM NORMAL: -0.64 2 = FOG REDUCING VISIBILITY
HIGHEST: 100 ON 9 GRTST 24HR 0.16 ON 9-10 TO 1/4 MILE OR LESS
LOWEST: 56 ON 11 3 = THUNDER
SNOW, ICE PELLETS, HAIL 4 = ICE PELLETS
TOTAL MONTH: 0.0 INCH 5 = HAIL
GRTST 24HR 0.0 6 = FREEZING RAIN OR DRIZZLE
GRTST DEPTH: 0 7 = DUSTSTORM OR SANDSTORM:
VSBY 1/2 MILE OR LESS
8 = SMOKE OR HAZE
[NO. OF DAYS WITH] [WEATHER - DAYS WITH] 9 = BLOWING SNOW
X = TORNADO
MAX 32 OR BELOW: 0 0.01 INCH OR MORE: 2
MAX 90 OR ABOVE: 12 0.10 INCH OR MORE: 1
MIN 32 OR BELOW: 0 0.50 INCH OR MORE: 0
MIN 0 OR BELOW: 0 1.00 INCH OR MORE: 0
[HDD (BASE 65) ]
TOTAL THIS MO. 0 CLEAR (SCALE 0-3) 9
DPTR FM NORMAL 0 PTCLDY (SCALE 4-7) 9
TOTAL FM JUL 1 633 CLOUDY (SCALE 8-10) 0
DPTR FM NORMAL -174
[CDD (BASE 65) ]
TOTAL THIS MO. 253
DPTR FM NORMAL 65 [PRESSURE DATA]
TOTAL FM JAN 1 643 HIGHEST SLP M ON M
DPTR FM NORMAL 164 LOWEST SLP M ON M
[REMARKS]