000
CXUS54 KMAF 181100
CF6MDD
PRELIMINARY LOCAL CLIMATOLOGICAL DATA (WS FORM: F-6)

                                          STATION:   Midland Airpark
                                          MONTH:     APRIL
                                          YEAR:      2018
                                          LATITUDE:   32  2 N
                                          LONGITUDE: 102  6 W

  TEMPERATURE IN F:       :PCPN:    SNOW:  WIND      :SUNSHINE: SKY     :PK WND
================================================================================
1   2   3   4   5  6A  6B    7    8   9   10  11  12  13   14  15   16   17  18
                                     12Z  AVG MX 2MIN
DY MAX MIN AVG DEP HDD CDD  WTR  SNW DPTH SPD SPD DIR MIN PSBL S-S WX    SPD DR
================================================================================

 1  82  48  65   M   0   0 0.00  0.0    0 10.7 21  70   M    M   0        28  70
 2  88  44  66   M   0   1 0.00  0.0    0  8.8 14 190   M    M   0        16  80
 3  86  49  68   M   0   3 0.00  0.0    0 16.6 25  50   M    M   0 8      33  40
 4  73  39  56   M   9   0 0.00  0.0    0 10.9 18 170   M    M   0        25 150
 5  91  52  72   M   0   7 0.00  0.0    0  8.8 15 160   M    M   0        21 180
 6  86  43  65   M   0   0 0.00  0.0    0  8.7 25  50   M    M   0 8      36  60
 7  58  36  47   M  18   0 0.00  0.0    0 11.8 24  40   M    M   0        30  40
 8  96  39  68   M   0   3 0.00  0.0    0 10.6 20  40   M    M   0 8      28 280
 9  73  46  60   M   5   0 0.00  0.0    0 11.4 18  50   M    M   0        25  50
10  80  44  62   M   3   0 0.00  0.0    0  6.1 16 160   M    M   0        23 160
11  94  59  77   M   0  12 0.00  0.0    0 14.2 22 170   M    M   0        29 170
12  98  63  81   M   0  16 0.00  0.0    0 15.1 25 180   M    M   0        32 180
13  79  50  65   M   0   0 0.00  0.0    0 21.2 37 270   M    M   0 8      46 260
14  68  42  55   M  10   0 0.00  0.0    0  8.5 15 290   M    M   0        24 310
15  79  41  60   M   5   0 0.00  0.0    0  4.8 12 100   M    M   0         M  M
16  92  47  70   M   0   5 0.00  0.0    0 12.9 18 180   M    M   0        28 200
17  96  62  79   M   0  14 0.00  0.0    0 12.9 20 270   M    M   0        31 240
================================================================================
SM 1419  804        50  61  0.00     0.0 194.0          M        0
================================================================================
AV 83.5 47.3                              11.4 FASTST   M    M   0    MAX(MPH)
                                 MISC ---->  # 37 270               # 46  260
================================================================================
NOTES:
# LAST OF SEVERAL OCCURRENCES

COLUMN 17 PEAK WIND IN M.P.H.

PRELIMINARY LOCAL CLIMATOLOGICAL DATA (WS FORM: F-6) , PAGE 2

                                          STATION:  Midland Airpark
                                          MONTH:    APRIL
                                          YEAR:     2018
                                          LATITUDE:   32  2 N
                                          LONGITUDE: 102  6 W

[TEMPERATURE DATA]      [PRECIPITATION DATA]       SYMBOLS USED IN COLUMN 16

AVERAGE MONTHLY: 65.4   TOTAL FOR MONTH:   0.00    1 = FOG OR MIST
DPTR FM NORMAL:     M   DPTR FM NORMAL:       M    2 = FOG REDUCING VISIBILITY
HIGHEST:    98 ON 12    GRTST 24HR  0.00 ON 17-17      TO 1/4 MILE OR LESS
LOWEST:     36 ON  7                               3 = THUNDER
                        SNOW, ICE PELLETS, HAIL    4 = ICE PELLETS
                        TOTAL MONTH:   0.0 INCH    5 = HAIL
                        GRTST 24HR     0.0         6 = FREEZING RAIN OR DRIZZLE
                        GRTST DEPTH:   0           7 = DUSTSTORM OR SANDSTORM:
                                                       VSBY 1/2 MILE OR LESS
                                                   8 = SMOKE OR HAZE
[NO. OF DAYS WITH]      [WEATHER - DAYS WITH]      9 = BLOWING SNOW
                                                   X = TORNADO
MAX 32 OR BELOW:   0    0.01 INCH OR MORE:   0
MAX 90 OR ABOVE:   6    0.10 INCH OR MORE:   0
MIN 32 OR BELOW:   0    0.50 INCH OR MORE:   0
MIN  0 OR BELOW:   0    1.00 INCH OR MORE:   0

[HDD (BASE 65) ]
TOTAL THIS MO.    50    CLEAR  (SCALE 0-3)  17
DPTR FM NORMAL     M    PTCLDY (SCALE 4-7)   0
TOTAL FM JUL 1  1979    CLOUDY (SCALE 8-10)  0
DPTR FM NORMAL     M

[CDD (BASE 65) ]
TOTAL THIS MO.    61
DPTR FM NORMAL     M    [PRESSURE DATA]
TOTAL FM JAN 1   155    HIGHEST SLP M ON M
DPTR FM NORMAL     M    LOWEST  SLP M ON M

[REMARKS]
