000
CXUS55 KCTP 250700
CF6MDT
PRELIMINARY LOCAL CLIMATOLOGICAL DATA (WS FORM: F-6)

                                          STATION:   HARRISBURG PA
                                          MONTH:     APRIL
                                          YEAR:      2018
                                          LATITUDE:   40 11 N
                                          LONGITUDE:  76 46 W

  TEMPERATURE IN F:       :PCPN:    SNOW:  WIND      :SUNSHINE: SKY     :PK WND
================================================================================
1   2   3   4   5  6A  6B    7    8   9   10  11  12  13   14  15   16   17  18
                                     12Z  AVG MX 2MIN
DY MAX MIN AVG DEP HDD CDD  WTR  SNW DPTH SPD SPD DIR MIN PSBL S-S WX    SPD DR
================================================================================

 1  58  40  49   2  16   0    T  0.0    0 10.1 23 310   M    M   7        28 320
 2  49  33  41  -6  24   0 0.51  3.9    2  2.7 15 360   M    M   9 1      21 330
 3  46  34  40  -8  25   0 0.39  0.0    0  7.2 16 140   M    M  10 18     20 150
 4  54  37  46  -2  19   0 0.03  0.0    0 18.2 45 300   M    M   8 12     58 280
 5  46  32  39  -9  26   0 0.00  0.0    0 13.2 28 300   M    M   5        38 310
 6  62  35  49   0  16   0    T  0.0    0  7.0 23 310   M    M  10        29 300
 7  50  34  42  -7  23   0 0.00  0.0    0 12.3 26 320   M    M   9        33 330
 8  46  25  36 -14  29   0 0.00  0.0    0 10.0 22 340   M    M   4        27 310
 9  44  31  38 -12  27   0 0.02    T    0  2.7 12 180   M    M   9 1      14 180
10  51  32  42  -8  23   0    T    T    0  7.4 16 310   M    M   6 18     23  10
11  56  27  42  -9  23   0    T  0.0    0  4.6 22 240   M    M   8        26 260
12  74  39  57   6   8   0 0.01  0.0    0  8.6 23 200   M    M   7        38 210
13  83  61  72  21   0   7 0.00  0.0    0 12.6 23 220   M    M   6 8      30 220
14  85  55  70  18   0   5 0.00  0.0    0  7.2 22 100   M    M   3        30 100
15  59  40  50  -2  15   0 0.05  0.0    0 18.9 28 110   M    M   9 18     34  90
16  50  41  46  -6  19   0 1.59  0.0    0 15.0 29 280   M    M   9 1      35 280
17  43  36  40 -13  25   0    T    T    0 14.3 25 260   M    M   9 1      32 250
18  56  34  45  -8  20   0 0.01  0.0    0  7.6 17 290   M    M   6        22 290
19  50  39  45  -8  20   0 0.15  0.0    0 12.7 30 310   M    M   8 18     40 300
20  57  36  47  -7  18   0 0.00  0.0    0 11.6 22 320   M    M   4        27 320
21  60  32  46  -8  19   0 0.00  0.0    0  4.1 10 300   M    M   6        15 290
22  65  37  51  -3  14   0 0.00  0.0    0  2.7  9 140   M    M   4        12 140
23  70  37  54  -1  11   0 0.00  0.0    0  6.1 17 120   M    M   4        21 140
24  64  44  54  -1  11   0 0.37  0.0    0 11.4 23 130   M    M   9 1      29 130
================================================================================
SM 1378  891       431  12  3.13     3.9 228.2          M      169
================================================================================
AV 57.4 37.1                               9.5 FASTST   M    M   7    MAX(MPH)
                                 MISC ---->  # 45 300               # 58  280
================================================================================
NOTES:
# LAST OF SEVERAL OCCURRENCES

COLUMN 17 PEAK WIND IN M.P.H.

PRELIMINARY LOCAL CLIMATOLOGICAL DATA (WS FORM: F-6) , PAGE 2

                                          STATION:  HARRISBURG PA
                                          MONTH:    APRIL
                                          YEAR:     2018
                                          LATITUDE:   40 11 N
                                          LONGITUDE:  76 46 W

[TEMPERATURE DATA]      [PRECIPITATION DATA]       SYMBOLS USED IN COLUMN 16

AVERAGE MONTHLY: 47.3   TOTAL FOR MONTH:   3.13    1 = FOG OR MIST
DPTR FM NORMAL:  -3.8   DPTR FM NORMAL:    0.65    2 = FOG REDUCING VISIBILITY
HIGHEST:    85 ON 14    GRTST 24HR  1.59 ON 16-16      TO 1/4 MILE OR LESS
LOWEST:     25 ON  8                               3 = THUNDER
                        SNOW, ICE PELLETS, HAIL    4 = ICE PELLETS
                        TOTAL MONTH:   3.9 INCHES  5 = HAIL
                        GRTST 24HR   3.9 ON  2- 2  6 = FREEZING RAIN OR DRIZZLE
                        GRTST DEPTH:   2 ON  2     7 = DUSTSTORM OR SANDSTORM:
                                                       VSBY 1/2 MILE OR LESS
                                                   8 = SMOKE OR HAZE
[NO. OF DAYS WITH]      [WEATHER - DAYS WITH]      9 = BLOWING SNOW
                                                   X = TORNADO
MAX 32 OR BELOW:   0    0.01 INCH OR MORE:  10
MAX 90 OR ABOVE:   0    0.10 INCH OR MORE:   5
MIN 32 OR BELOW:   6    0.50 INCH OR MORE:   2
MIN  0 OR BELOW:   0    1.00 INCH OR MORE:   1

[HDD (BASE 65) ]
TOTAL THIS MO.   431    CLEAR  (SCALE 0-3)   0
DPTR FM NORMAL    93    PTCLDY (SCALE 4-7)  13
TOTAL FM JUL 1  4949    CLOUDY (SCALE 8-10) 11
DPTR FM NORMAL  -100

[CDD (BASE 65) ]
TOTAL THIS MO.    12
DPTR FM NORMAL    12    [PRESSURE DATA]
TOTAL FM JAN 1    12    HIGHEST SLP M ON M
DPTR FM NORMAL    11    LOWEST  SLP 29.41 ON  4

[REMARKS]
