000
CXUS55 KPSR 281005
CF6NYL
PRELIMINARY LOCAL CLIMATOLOGICAL DATA (WS FORM: F-6)
STATION: YUMA AZ
MONTH: MARCH
YEAR: 2024
LATITUDE: 32 39 N
LONGITUDE: 114 37 W
TEMPERATURE IN F: :PCPN: SNOW: WIND :SUNSHINE: SKY :PK WND
================================================================================
1 2 3 4 5 6A 6B 7 8 9 10 11 12 13 14 15 16 17 18
12Z AVG MX 2MIN
DY MAX MIN AVG DEP HDD CDD WTR SNW DPTH SPD SPD DIR MIN PSBL S-S WX SPD DR
================================================================================
1 79 57 68 4 0 3 0.00 M M 5.5 14 320 M M 0 20 160
2 76 56 66 1 0 1 0.00 M M 9.2 18 280 M M 0 27 280
3 73 56 65 0 0 0 0.00 M M 11.6 24 270 M M 0 36 310
4 73 54 64 -1 1 0 0.00 M M 8.0 20 270 M M 1 27 300
5 75 53 64 -1 1 0 0.00 M M 3.0 10 200 M M 5 14 220
6 75 55 65 -1 0 0 0.00 M M 5.2 13 270 M M 5 17 280
7 72 53 63 -3 2 0 0.00 0.0 0 8.2 20 280 M M 5 24 260
8 75 51 63 -3 2 0 0.00 0.0 0 6.6 18 340 M M 2 25 350
9 75 49 62 -4 3 0 0.00 0.0 0 7.6 17 350 M M 1 24 360
10 81 53 67 1 0 2 0.00 0.0 0 4.1 10 50 M M 0 16 70
11 78 52 65 -2 0 0 0.00 0.0 M 5.5 14 280 M M 2 17 290
12 76 57 67 0 0 2 0.00 M M 6.5 13 300 M M 2 20 300
13 79 54 67 0 0 2 0.00 M M 7.2 15 270 M M 2 22 310
14 66 55 61 -6 4 0 0.00 M M 12.7 29 360 M M 6 8 42 10
15 62 50 56 -12 9 0 T M M 6.1 18 300 M M 8 26 300
16 70 51 61 -7 4 0 M M M M M M M M M M M
17 M M M M M M 0.00 M M M M M M M M M M
18 77 53 65 -3 0 0 0.00 M M 5.8 14 30 M M 4 18 290
19 80 52 66 -2 0 1 0.00 M M 3.8 12 270 M M 1 16 270
20 82 55 69 1 0 4 0.00 M M 4.4 13 260 M M 1 16 270
21 85 56 71 2 0 6 0.00 M M 6.1 14 240 M M 0 26 200
22 86 58 72 3 0 7 0.00 M M 4.5 13 210 M M 3 17 170
23 80 57 69 0 0 4 0.00 M M 10.2 28 300 M M 2 41 300
24 71 53 62 -7 3 0 0.00 M M 17.6 32 280 M M 1 47 310
25 74 46 60 -9 5 0 0.00 M M 8.1 18 260 M M 2 30 260
26 75 50 63 -7 2 0 0.00 M M 6.4 17 270 M M 2 22 240
27 80 51 66 -4 0 1 0.00 M M 6.2 13 200 M M 1 19 200
================================================================================
SM 1975 1387 36 33 T 0.0 180.1 M 56
================================================================================
AV 76.0 53.3 7.2 FASTST M M 2 MAX(MPH)
MISC ----> 32 280 47 310
================================================================================
NOTES:
# LAST OF SEVERAL OCCURRENCES
COLUMN 17 PEAK WIND IN M.P.H.
PRELIMINARY LOCAL CLIMATOLOGICAL DATA (WS FORM: F-6) , PAGE 2
STATION: YUMA AZ
MONTH: MARCH
YEAR: 2024
LATITUDE: 32 39 N
LONGITUDE: 114 37 W
[TEMPERATURE DATA] [PRECIPITATION DATA] SYMBOLS USED IN COLUMN 16
AVERAGE MONTHLY: 64.7 TOTAL FOR MONTH: T 1 = FOG OR MIST
DPTR FM NORMAL: -2.6 DPTR FM NORMAL: -0.37 2 = FOG REDUCING VISIBILITY
HIGHEST: 86 ON 22 GRTST 24HR T ON 15-15 TO 1/4 MILE OR LESS
LOWEST: 46 ON 25 3 = THUNDER
SNOW, ICE PELLETS, HAIL 4 = ICE PELLETS
TOTAL MONTH: 0.0 INCH 5 = HAIL
GRTST 24HR 0.0 6 = FREEZING RAIN OR DRIZZLE
GRTST DEPTH: 0 7 = DUSTSTORM OR SANDSTORM:
VSBY 1/2 MILE OR LESS
8 = SMOKE OR HAZE
[NO. OF DAYS WITH] [WEATHER - DAYS WITH] 9 = BLOWING SNOW
X = TORNADO
MAX 32 OR BELOW: 0 0.01 INCH OR MORE: 0
MAX 90 OR ABOVE: 0 0.10 INCH OR MORE: 0
MIN 32 OR BELOW: 0 0.50 INCH OR MORE: 0
MIN 0 OR BELOW: 0 1.00 INCH OR MORE: 0
[HDD (BASE 65) ]
TOTAL THIS MO. 36 CLEAR (SCALE 0-3) 18
DPTR FM NORMAL -9 PTCLDY (SCALE 4-7) 7
TOTAL FM JUL 1 547 CLOUDY (SCALE 8-10) 2
DPTR FM NORMAL -118
[CDD (BASE 65) ]
TOTAL THIS MO. 33
DPTR FM NORMAL -69 [PRESSURE DATA]
TOTAL FM JAN 1 54 HIGHEST SLP M ON M
DPTR FM NORMAL -85 LOWEST SLP 29.62 ON 23
[REMARKS]