000
CXUS55 KGGW 250800
CF6OLF
PRELIMINARY LOCAL CLIMATOLOGICAL DATA (WS FORM: F-6)

                                          STATION:   WOLF POINT MT
                                          MONTH:     APRIL
                                          YEAR:      2018
                                          LATITUDE:   48  5 N
                                          LONGITUDE: 105 35 W

  TEMPERATURE IN F:       :PCPN:    SNOW:  WIND      :SUNSHINE: SKY     :PK WND
================================================================================
1   2   3   4   5  6A  6B    7    8   9   10  11  12  13   14  15   16   17  18
                                     12Z  AVG MX 2MIN
DY MAX MIN AVG DEP HDD CDD  WTR  SNW DPTH SPD SPD DIR MIN PSBL S-S WX    SPD DR
================================================================================

 1  31   0  16 -22  49   0 0.00  0.0    0  7.2 17  80   M    M   1 18     20  70
 2  28  17  23 -15  42   0 0.00  0.0    0 16.2 26  60   M    M   8 8      31  50
 3  32   9  21 -18  44   0    T    M    0  5.8 14 220   M    M   5 18     18 260
 4  44  15  30  -9  35   0    T    M    0  4.6 10  60   M    M   3        13  70
 5  31  10  21 -19  44   0    T    M    0 15.8 29 310   M    M   3 8      36 310
 6  25   5  15 -25  50   0 0.00  0.0    0  6.0 15  30   M    M   0 8      18  30
 7  39  11  25 -16  40   0 0.00  0.0    0 13.5 26  60   M    M   5        31  60
 8  30  21  26 -15  39   0 0.04    M    0 11.6 18  70   M    M  10 128    22  70
 9  42  24  33  -9  32   0 0.00  0.0    0  4.7 15 250   M    M   7 18     19 260
10  56  23  40  -2  25   0 0.00  0.0    0  5.8 14  70   M    M   1 18     17  90
11  58  35  47   5  18   0    T    M    0 10.0 26 280   M    M   6 18     31 280
12  41  34  38  -5  27   0    T    M    0 13.2 22  80   M    M  10 8      27  80
13  34  20  27 -16  38   0 0.01    M    0  8.1 21  80   M    M   8 18     25  80
14  49  19  34  -9  31   0 0.00  0.0    0  7.2 14 140   M    M   4 1      19 180
15  59  24  42  -2  23   0 0.00  0.0    0 11.8 21 120   M    M   1        27 110
16  61  30  46   2  19   0 0.00  0.0    0 20.2 35 110   M    M   1        41 100
17  41  28  35 -10  30   0 0.16    M    0  6.7 24 110   M    M   7 12     31 110
18  58  23  41  -4  24   0 0.00  0.0    0  7.2 15  60   M    M   3 12     18 310
19  60  32  46   1  19   0 0.00  0.0    0 14.1 25  80   M    M   4 128    31  90
20  70  34  52   6  13   0 0.00  0.0    0  7.2 14  70   M    M   0 18     16  70
21  77  33  55   9  10   0 0.00  0.0    0  9.5 24 330   M    M   2 1      30 320
22  68  39  54   8  11   0 0.00  0.0    0  9.2 20 270   M    M   2        28 270
23  54  30  42  -5  23   0 0.00  0.0    0  8.6 21  20   M    M   6        25  20
24  65  23  44  -3  21   0 0.00  0.0    0  5.6 15 250   M    M   0 18     19 250
================================================================================
SM 1153  539       707   0  0.21     0.0 229.8          M       97
================================================================================
AV 48.0 22.5                               9.6 FASTST   M    M   4    MAX(MPH)
                                 MISC ---->  # 35 110               # 41  100
================================================================================
NOTES:
# LAST OF SEVERAL OCCURRENCES

COLUMN 17 PEAK WIND IN M.P.H.

PRELIMINARY LOCAL CLIMATOLOGICAL DATA (WS FORM: F-6) , PAGE 2

                                          STATION:  WOLF POINT MT
                                          MONTH:    APRIL
                                          YEAR:     2018
                                          LATITUDE:   48  5 N
                                          LONGITUDE: 105 35 W

[TEMPERATURE DATA]      [PRECIPITATION DATA]       SYMBOLS USED IN COLUMN 16

AVERAGE MONTHLY: 35.3   TOTAL FOR MONTH:   0.21    1 = FOG OR MIST
DPTR FM NORMAL:  -7.5   DPTR FM NORMAL:   -0.44    2 = FOG REDUCING VISIBILITY
HIGHEST:    77 ON 21    GRTST 24HR  0.16 ON 17-17      TO 1/4 MILE OR LESS
LOWEST:      0 ON  1                               3 = THUNDER
                        SNOW, ICE PELLETS, HAIL    4 = ICE PELLETS
                        TOTAL MONTH:   0.0 INCH    5 = HAIL
                        GRTST 24HR     0.0         6 = FREEZING RAIN OR DRIZZLE
                        GRTST DEPTH:   0           7 = DUSTSTORM OR SANDSTORM:
                                                       VSBY 1/2 MILE OR LESS
                                                   8 = SMOKE OR HAZE
[NO. OF DAYS WITH]      [WEATHER - DAYS WITH]      9 = BLOWING SNOW
                                                   X = TORNADO
MAX 32 OR BELOW:   6    0.01 INCH OR MORE:   3
MAX 90 OR ABOVE:   0    0.10 INCH OR MORE:   1
MIN 32 OR BELOW:  19    0.50 INCH OR MORE:   0
MIN  0 OR BELOW:   1    1.00 INCH OR MORE:   0

[HDD (BASE 65) ]
TOTAL THIS MO.   707    CLEAR  (SCALE 0-3)  11
DPTR FM NORMAL   173    PTCLDY (SCALE 4-7)  10
TOTAL FM JUL 1  8822    CLOUDY (SCALE 8-10)  3
DPTR FM NORMAL   598

[CDD (BASE 65) ]
TOTAL THIS MO.     0
DPTR FM NORMAL     0    [PRESSURE DATA]
TOTAL FM JAN 1     0    HIGHEST SLP M ON M
DPTR FM NORMAL     0    LOWEST  SLP 29.56 ON 17

[REMARKS]
