000
CXUS55 KPAH 260631
CF6OWB
PRELIMINARY LOCAL CLIMATOLOGICAL DATA (WS FORM: F-6)

                                          STATION:   OWENSBORO KY
                                          MONTH:     MAY
                                          YEAR:      2018
                                          LATITUDE:   37 45 N
                                          LONGITUDE:  87 10 W

  TEMPERATURE IN F:       :PCPN:    SNOW:  WIND      :SUNSHINE: SKY     :PK WND
================================================================================
1   2   3   4   5  6A  6B    7    8   9   10  11  12  13   14  15   16   17  18
                                     12Z  AVG MX 2MIN
DY MAX MIN AVG DEP HDD CDD  WTR  SNW DPTH SPD SPD DIR MIN PSBL S-S WX    SPD DR
================================================================================

 1  83  51  67   3   0   2 0.00  0.0    0  8.4 17 200   M    M   0 8      23 180
 2  85  62  74   9   0   9 0.00    M    M 12.1 26 220   M    M   4        32 220
 3  73  66  70   5   0   5 0.05    M    M  8.9 31 240   M    M   6 38     37 240
 4  79  64  72   7   0   7 0.41    M    M 11.3 25 260   M    M   6 13     40 260
 5  65  58  62  -4   3   0 0.41  0.0    0  3.5 12 300   M    M   8 1      14 300
 6  83  55  69   3   0   4 0.04    M    M  7.3 23 330   M    M   2 123    28 330
 7  77  57  67   1   0   2 0.00  0.0    0  6.2 15  30   M    M   1        18  20
 8  79  51  65  -1   0   0 0.00  0.0    0  3.8  7 170   M    M   0         M  M
 9  86  57  72   6   0   7 0.00  0.0    0 11.6 22 210   M    M   2        28 210
10  88  65  77  10   0  12 0.66  0.0    0  6.9 37 330   M    M   2 138    44 330
11  87  65  76   9   0  11 0.00  0.0    0 10.0 23 230   M    M   0        29 220
12  88  66  77  10   0  12 0.00  0.0    0  9.8 20 240   M    M   0        25 230
13  89  65  77  10   0  12 0.00  0.0    0  8.4 18 230   M    M   2        25 250
14  92  67  80  12   0  15 0.00  0.0    0  6.3 17 290   M    M   1 8      22 280
15  89  68  79  11   0  14 0.00  0.0    0  5.4 15 320   M    M   0 8      18 310
16  82  66  74   6   0   9 0.60  0.0    0  3.4  8 350   M    M   4 3       M  M
17  84  67  76   8   0  11 0.01  0.0    0  7.9 21 100   M    M   3 138    25  80
18  80  66  73   4   0   8 1.19  0.0    0  5.8 23 130   M    M   7 13     28 140
19  83  66  75   6   0  10 0.43  0.0    0  7.9 18 270   M    M   5 1      25 260
20  87  66  77   8   0  12    M    M    0  5.7 26 270   M    M   2 38     31 260
21  86  67  77   8   0  12 0.56  0.0    0  6.4 36 280   M    M   2 13     45 290
22  86  68  77   7   0  12 0.68  0.0    0  5.0 17 310   M    M   6 138    25 320
23  85  68  77   7   0  12 0.00  0.0    0  6.0 12  60   M    M   1        15  40
24  87  66  77   7   0  12 0.00  0.0    0  4.8 12  50   M    M   0        14  60
25  88  65  77   7   0  12 0.00    M    M  5.1 18 260   M    M   1        22 260
================================================================================
SM 2091 1582         3 222  5.04     0.0 177.9          M       65
================================================================================
AV 83.6 63.3                               7.1 FASTST   M    M   3    MAX(MPH)
                                 MISC ---->  # 37 330               # 45  290
================================================================================
NOTES:
# LAST OF SEVERAL OCCURRENCES

COLUMN 17 PEAK WIND IN M.P.H.

PRELIMINARY LOCAL CLIMATOLOGICAL DATA (WS FORM: F-6) , PAGE 2

                                          STATION:  OWENSBORO KY
                                          MONTH:    MAY
                                          YEAR:     2018
                                          LATITUDE:   37 45 N
                                          LONGITUDE:  87 10 W

[TEMPERATURE DATA]      [PRECIPITATION DATA]       SYMBOLS USED IN COLUMN 16

AVERAGE MONTHLY: 73.5   TOTAL FOR MONTH:   5.04    1 = FOG OR MIST
DPTR FM NORMAL:   6.1   DPTR FM NORMAL:    0.25    2 = FOG REDUCING VISIBILITY
HIGHEST:    92 ON 14    GRTST 24HR  1.19 ON 18-18      TO 1/4 MILE OR LESS
LOWEST:     51 ON  8, 1                            3 = THUNDER
                        SNOW, ICE PELLETS, HAIL    4 = ICE PELLETS
                        TOTAL MONTH:   0.0 INCH    5 = HAIL
                        GRTST 24HR     0.0         6 = FREEZING RAIN OR DRIZZLE
                        GRTST DEPTH:   0           7 = DUSTSTORM OR SANDSTORM:
                                                       VSBY 1/2 MILE OR LESS
                                                   8 = SMOKE OR HAZE
[NO. OF DAYS WITH]      [WEATHER - DAYS WITH]      9 = BLOWING SNOW
                                                   X = TORNADO
MAX 32 OR BELOW:   0    0.01 INCH OR MORE:  11
MAX 90 OR ABOVE:   1    0.10 INCH OR MORE:   8
MIN 32 OR BELOW:   0    0.50 INCH OR MORE:   5
MIN  0 OR BELOW:   0    1.00 INCH OR MORE:   1

[HDD (BASE 65) ]
TOTAL THIS MO.     3    CLEAR  (SCALE 0-3)  16
DPTR FM NORMAL   -43    PTCLDY (SCALE 4-7)   9
TOTAL FM JUL 1  4298    CLOUDY (SCALE 8-10)  0
DPTR FM NORMAL   434

[CDD (BASE 65) ]
TOTAL THIS MO.   222
DPTR FM NORMAL   115    [PRESSURE DATA]
TOTAL FM JAN 1   240    HIGHEST SLP M ON M
DPTR FM NORMAL    82    LOWEST  SLP 29.80 ON  9

[REMARKS]
