000
CXUS52 KMFL 261000
CF6PBI
PRELIMINARY LOCAL CLIMATOLOGICAL DATA (WS FORM: F-6)

                                          STATION:   WEST PALM BEACH
                                          MONTH:     MAY
                                          YEAR:      2018
                                          LATITUDE:   26 40 N
                                          LONGITUDE:  80  7 W

  TEMPERATURE IN F:       :PCPN:    SNOW:  WIND      :SUNSHINE: SKY     :PK WND
================================================================================
1   2   3   4   5  6A  6B    7    8   9   10  11  12  13   14  15   16   17  18
                                     12Z  AVG MX 2MIN
DY MAX MIN AVG DEP HDD CDD  WTR  SNW DPTH SPD SPD DIR MIN PSBL S-S WX    SPD DR
================================================================================

 1  81  73  77   1   0  12    T  0.0    0 14.3 23 100   M    M   5        27 100
 2  81  74  78   2   0  13    T  0.0    0 15.4 22  80   M    M   7        27  60
 3  83  73  78   2   0  13 0.00  0.0    0 15.5 22  60   M    M   6        27  60
 4  82  75  79   3   0  14    T  0.0    0 14.3 22  80   M    M   6        28  70
 5  84  73  79   2   0  14 0.01  0.0    0 12.2 21  60   M    M   6        27  50
 6  86  71  79   2   0  14 0.28  0.0    0  7.5 26 230   M    M   7 1      32 230
 7  85  70  78   1   0  13 0.00  0.0    0  6.0 14 100   M    M   5        17 100
 8  84  71  78   1   0  13    T  0.0    0 10.2 17  40   M    M   4        23  40
 9  83  67  75  -2   0  10 0.00  0.0    0 10.1 17  50   M    M   4        21  40
10  84  68  76  -2   0  11 0.00  0.0    0  8.7 17  40   M    M   6        22  40
11  84  69  77  -1   0  12 0.00  0.0    0  8.2 14  80   M    M   7        21  60
12  81  75  78   0   0  13    T  0.0    0 10.2 16  70   M    M   8        20  70
13  78  69  74  -4   0   9 3.19  0.0    0  7.2 22 110   M    M   9 13     27  80
14  82  68  75  -3   0  10 1.09  0.0    0 10.4 31 150   M    M   8 13     40 150
15  86  71  79   1   0  14 0.31  0.0    0  7.5 20 150   M    M   6 13     24 140
16  84  71  78   0   0  13    T  0.0    0  9.8 22 130   M    M   6 3      27 130
17  82  72  77  -2   0  12 0.21  0.0    0  6.8 18 140   M    M   7 3      23 150
18  84  73  79   0   0  14 0.11  0.0    0  9.6 20 120   M    M   7 3      22 130
19  77  70  74  -5   0   9 1.56  0.0    0  6.1 28 210   M    M   9 1      36 160
20  82  71  77  -2   0  12 0.59  0.0    0 13.6 24 130   M    M  10 1      32 140
21  84  71  78  -1   0  13 0.15  0.0    0 15.2 26 160   M    M   6 1      34 160
22  80  71  76  -3   0  11 0.32  0.0    0 13.5 25 160   M    M   7 1      32 130
23  85  74  80   0   0  15 0.02  0.0    0 10.1 18 110   M    M   6 1      26 130
24  85  75  80   0   0  15    T  0.0    0  9.6 16 110   M    M   7        19 120
25  81  72  77  -3   0  12 1.14  0.0    0  9.1 28  90   M    M   8 13     32 100
================================================================================
SM 2068 1787         0 311  8.98     0.0 261.1          M      167
================================================================================
AV 82.7 71.5                              10.4 FASTST   M    M   7    MAX(MPH)
                                 MISC ---->  # 31 150               # 40  150
================================================================================
NOTES:
# LAST OF SEVERAL OCCURRENCES

COLUMN 17 PEAK WIND IN M.P.H.

PRELIMINARY LOCAL CLIMATOLOGICAL DATA (WS FORM: F-6) , PAGE 2

                                          STATION:  WEST PALM BEACH
                                          MONTH:    MAY
                                          YEAR:     2018
                                          LATITUDE:   26 40 N
                                          LONGITUDE:  80  7 W

[TEMPERATURE DATA]      [PRECIPITATION DATA]       SYMBOLS USED IN COLUMN 16

AVERAGE MONTHLY: 77.1   TOTAL FOR MONTH:   8.98    1 = FOG OR MIST
DPTR FM NORMAL:  -0.9   DPTR FM NORMAL:    5.78    2 = FOG REDUCING VISIBILITY
HIGHEST:    86 ON 15, 6 GRTST 24HR  3.19 ON 13-13      TO 1/4 MILE OR LESS
LOWEST:     67 ON  9                               3 = THUNDER
                        SNOW, ICE PELLETS, HAIL    4 = ICE PELLETS
                        TOTAL MONTH:   0.0 INCH    5 = HAIL
                        GRTST 24HR     0.0         6 = FREEZING RAIN OR DRIZZLE
                        GRTST DEPTH:   0           7 = DUSTSTORM OR SANDSTORM:
                                                       VSBY 1/2 MILE OR LESS
                                                   8 = SMOKE OR HAZE
[NO. OF DAYS WITH]      [WEATHER - DAYS WITH]      9 = BLOWING SNOW
                                                   X = TORNADO
MAX 32 OR BELOW:   0    0.01 INCH OR MORE:  13
MAX 90 OR ABOVE:   0    0.10 INCH OR MORE:  11
MIN 32 OR BELOW:   0    0.50 INCH OR MORE:   5
MIN  0 OR BELOW:   0    1.00 INCH OR MORE:   4

[HDD (BASE 65) ]
TOTAL THIS MO.     0    CLEAR  (SCALE 0-3)   0
DPTR FM NORMAL     0    PTCLDY (SCALE 4-7)  22
TOTAL FM JUL 1   179    CLOUDY (SCALE 8-10)  3
DPTR FM NORMAL   -54

[CDD (BASE 65) ]
TOTAL THIS MO.   311
DPTR FM NORMAL   -11    [PRESSURE DATA]
TOTAL FM JAN 1  1145    HIGHEST SLP M ON M
DPTR FM NORMAL   128    LOWEST  SLP 29.88 ON  5

[REMARKS]
