000
CXUS56 KFGZ 200900
CF6PGA
PRELIMINARY LOCAL CLIMATOLOGICAL DATA (WS FORM: F-6)

                                          STATION:   PAGE AZ AIRPORT
                                          MONTH:     APRIL
                                          YEAR:      2018
                                          LATITUDE:   36 55 N
                                          LONGITUDE: 111 27 W

  TEMPERATURE IN F:       :PCPN:    SNOW:  WIND      :SUNSHINE: SKY     :PK WND
================================================================================
1   2   3   4   5  6A  6B    7    8   9   10  11  12  13   14  15   16   17  18
                                     12Z  AVG MX 2MIN
DY MAX MIN AVG DEP HDD CDD  WTR  SNW DPTH SPD SPD DIR MIN PSBL S-S WX    SPD DR
================================================================================

 1  78  57  68  14   0   3 0.00  0.0    0  4.8 14 240   M    M   0        20 230
 2  79  49  64  10   1   0 0.00    M    M  8.6 22 270   M    M   0        37 270
 3  65  47  56   1   9   0 0.00    M    M  7.5 14 300   M    M   1        22 270
 4  72  42  57   2   8   0 0.00    M    M  4.0 13 280   M    M   0        21 310
 5  77  50  64   9   1   0 0.00    M    M  4.1 10 270   M    M   1        17 290
 6  83  59  71  16   0   6 0.00    M    M  6.9 20 280   M    M   6 8      31 300
 7  87  58  73  18   0   8 0.09    M    M  6.9 33 300   M    M   4 1      56 300
 8  73  57  65   9   0   0 0.00    M    M  6.8 17 270   M    M   1        29 280
 9  70  50  60   4   5   0 0.00    M    M  5.1 12  40   M    M   0        17 250
10  75  48  62   6   3   0 0.00  0.0    0  3.3  9  40   M    M   0        13  40
11  87  53  70  14   0   5 0.00    M    M  6.2 18 210   M    M   0        28 220
12  73  43  58   1   7   0 0.00    M    M 17.0 28 310   M    M   0        43 220
13  59  40  50  -7  15   0 0.00    M    M 14.7 26 360   M    M   0        45  10
14  67  39  53  -4  12   0 0.00    M    M  4.1 12  30   M    M   0        17  60
15  76  44  60   3   5   0 0.00    M    M  3.7 12  10   M    M   0        18  20
16  80  56  68  10   0   3 0.00    M    M 10.4 26 200   M    M   0        40 220
17  63  44  54  -4  11   0 0.00    M    M 11.6 24 280   M    M   0        40 200
18  64  38  51  -7  14   0 0.00  0.0    0  4.8 17  40   M    M   0        22  40
19  75  45  60   1   5   0 0.00    M    M  9.1 35 180   M    M   0        48 180
================================================================================
SM 1403  919        96  25  0.09     0.0 139.6          M       13
================================================================================
AV 73.8 48.4                               7.3 FASTST   M    M   1    MAX(MPH)
                                 MISC ---->  # 35 180               # 56  300
================================================================================
NOTES:
# LAST OF SEVERAL OCCURRENCES

COLUMN 17 PEAK WIND IN M.P.H.

PRELIMINARY LOCAL CLIMATOLOGICAL DATA (WS FORM: F-6) , PAGE 2

                                          STATION:  PAGE AZ AIRPORT
                                          MONTH:    APRIL
                                          YEAR:     2018
                                          LATITUDE:   36 55 N
                                          LONGITUDE: 111 27 W

[TEMPERATURE DATA]      [PRECIPITATION DATA]       SYMBOLS USED IN COLUMN 16

AVERAGE MONTHLY: 61.1   TOTAL FOR MONTH:   0.09    1 = FOG OR MIST
DPTR FM NORMAL:   4.9   DPTR FM NORMAL:   -0.24    2 = FOG REDUCING VISIBILITY
HIGHEST:    87 ON 11, 7 GRTST 24HR  0.09 ON  7- 7      TO 1/4 MILE OR LESS
LOWEST:     38 ON 18                               3 = THUNDER
                        SNOW, ICE PELLETS, HAIL    4 = ICE PELLETS
                        TOTAL MONTH:   0.0 INCH    5 = HAIL
                        GRTST 24HR     0.0         6 = FREEZING RAIN OR DRIZZLE
                        GRTST DEPTH:   0           7 = DUSTSTORM OR SANDSTORM:
                                                       VSBY 1/2 MILE OR LESS
                                                   8 = SMOKE OR HAZE
[NO. OF DAYS WITH]      [WEATHER - DAYS WITH]      9 = BLOWING SNOW
                                                   X = TORNADO
MAX 32 OR BELOW:   0    0.01 INCH OR MORE:   1
MAX 90 OR ABOVE:   0    0.10 INCH OR MORE:   0
MIN 32 OR BELOW:   0    0.50 INCH OR MORE:   0
MIN  0 OR BELOW:   0    1.00 INCH OR MORE:   0

[HDD (BASE 65) ]
TOTAL THIS MO.    96    CLEAR  (SCALE 0-3)  17
DPTR FM NORMAL   -76    PTCLDY (SCALE 4-7)   2
TOTAL FM JUL 1  3052    CLOUDY (SCALE 8-10)  0
DPTR FM NORMAL  -773

[CDD (BASE 65) ]
TOTAL THIS MO.    25
DPTR FM NORMAL    25    [PRESSURE DATA]
TOTAL FM JAN 1    25    HIGHEST SLP M ON M
DPTR FM NORMAL    25    LOWEST  SLP 29.52 ON 12

[REMARKS]
