000
CXUS51 KPHI 220800
CF6PHL
PRELIMINARY LOCAL CLIMATOLOGICAL DATA (WS FORM: F-6)

                                          STATION:   PHILADELPHIA PA
                                          MONTH:     MAY
                                          YEAR:      2018
                                          LATITUDE:   39 52 N
                                          LONGITUDE:  75 15 W

  TEMPERATURE IN F:       :PCPN:    SNOW:  WIND      :SUNSHINE: SKY     :PK WND
================================================================================
1   2   3   4   5  6A  6B    7    8   9   10  11  12  13   14  15   16   17  18
                                     12Z  AVG MX 2MIN
DY MAX MIN AVG DEP HDD CDD  WTR  SNW DPTH SPD SPD DIR MIN PSBL S-S WX    SPD DR
================================================================================

 1  79  43  61   2   4   0 0.00  0.0    0  9.8 18 260   M    M   1        27 260
 2  88  55  72  12   0   7 0.00  0.0    0 10.2 22 230   M    M   5        30 220
 3  91  63  77  17   0  12 0.00  0.0    0 12.7 25 240   M    M   5        33 240
 4  89  65  77  17   0  12 0.00  0.0    0  9.6 22 310   M    M   8        28 310
 5  75  61  68   8   0   3    T  0.0    0  9.0 21 310   M    M  10        26 300
 6  70  58  64   3   1   0    T  0.0    0  8.2 18 340   M    M  10        27 340
 7  75  55  65   4   0   0 0.00  0.0    0  7.0 13 130   M    M   6        21 340
 8  77  51  64   3   1   0 0.00  0.0    0  6.2 14  80   M    M   M        18  20
 9  79  52  66   4   0   1 0.00  0.0    0  5.7 15 130   M    M   M        21 120
10  80  49  65   3   0   0    T  0.0    0  8.3 21 260   M    M   7 13     27 250
11  77  59  68   6   0   3    T  0.0    0  6.9 18 270   M    M   5        24 320
12  72  53  63   0   2   0 1.49  0.0    0  8.1 23  20   M    M   9 138    27  10
13  57  53  55  -8  10   0 0.49  0.0    0  8.1 14  90   M    M  10 13     18  40
14  75  53  64   1   1   0 0.00  0.0    0  5.5 13 220   M    M   9 18     19 210
15  89  63  76  12   0  11 0.55  0.0    0  9.5 28 330   M    M   7 13     33 320
16  68  58  63  -1   2   0 0.25  0.0    0  8.4 13  40   M    M  10 1      20  40
17  68  57  63  -1   2   0 0.36  0.0    0  5.3 13  50   M    M  10 1      17  40
18  65  51  58  -6   7   0 0.02  0.0    0 12.9 28  80   M    M  10 1      36  80
19  69  50  60  -5   5   0 0.74  0.0    0  8.4 18  80   M    M  10 1      23  80
20  84  68  76  11   0  11 0.01  0.0    0 12.8 24 310   M    M   8        28 320
21  79  61  70   5   0   5 0.00  0.0    0  7.0 17  10   M    M   5        23  10
================================================================================
SM 1606 1178        35  65  3.91     0.0 179.6          M      145
================================================================================
AV 76.5 56.1                               8.6 FASTST   M    M   8    MAX(MPH)
                                 MISC ---->  # 28 330               # 36   80
================================================================================
NOTES:
# LAST OF SEVERAL OCCURRENCES

COLUMN 17 PEAK WIND IN M.P.H.

PRELIMINARY LOCAL CLIMATOLOGICAL DATA (WS FORM: F-6) , PAGE 2

                                          STATION:  PHILADELPHIA PA
                                          MONTH:    MAY
                                          YEAR:     2018
                                          LATITUDE:   39 52 N
                                          LONGITUDE:  75 15 W

[TEMPERATURE DATA]      [PRECIPITATION DATA]       SYMBOLS USED IN COLUMN 16

AVERAGE MONTHLY: 66.3   TOTAL FOR MONTH:   3.91    1 = FOG OR MIST
DPTR FM NORMAL:   4.0   DPTR FM NORMAL:    1.45    2 = FOG REDUCING VISIBILITY
HIGHEST:    91 ON  3    GRTST 24HR  1.49 ON 12-12      TO 1/4 MILE OR LESS
LOWEST:     43 ON  1                               3 = THUNDER
                        SNOW, ICE PELLETS, HAIL    4 = ICE PELLETS
                        TOTAL MONTH:   0.0 INCH    5 = HAIL
                        GRTST 24HR     0.0         6 = FREEZING RAIN OR DRIZZLE
                        GRTST DEPTH:   0           7 = DUSTSTORM OR SANDSTORM:
                                                       VSBY 1/2 MILE OR LESS
                                                   8 = SMOKE OR HAZE
[NO. OF DAYS WITH]      [WEATHER - DAYS WITH]      9 = BLOWING SNOW
                                                   X = TORNADO
MAX 32 OR BELOW:   0    0.01 INCH OR MORE:   8
MAX 90 OR ABOVE:   1    0.10 INCH OR MORE:   6
MIN 32 OR BELOW:   0    0.50 INCH OR MORE:   3
MIN  0 OR BELOW:   0    1.00 INCH OR MORE:   1

[HDD (BASE 65) ]
TOTAL THIS MO.    35    CLEAR  (SCALE 0-3)   1
DPTR FM NORMAL   -58    PTCLDY (SCALE 4-7)   8
TOTAL FM JUL 1  4395    CLOUDY (SCALE 8-10) 10
DPTR FM NORMAL  -188

[CDD (BASE 65) ]
TOTAL THIS MO.    65
DPTR FM NORMAL    28    [PRESSURE DATA]
TOTAL FM JAN 1    73    HIGHEST SLP M ON M
DPTR FM NORMAL    23    LOWEST  SLP 29.80 ON 15

[REMARKS]
