000
CXUS53 KUNR 280930
CF6RAP
PRELIMINARY LOCAL CLIMATOLOGICAL DATA (WS FORM: F-6)
STATION: RAPID CITY AIRPORT SD
MONTH: MARCH
YEAR: 2024
LATITUDE: 44 2 N
LONGITUDE: 103 4 W
TEMPERATURE IN F: :PCPN: SNOW: WIND :SUNSHINE: SKY :PK WND
================================================================================
1 2 3 4 5 6A 6B 7 8 9 10 11 12 13 14 15 16 17 18
12Z AVG MX 2MIN
DY MAX MIN AVG DEP HDD CDD WTR SNW DPTH SPD SPD DIR MIN PSBL S-S WX SPD DR
================================================================================
1 64 33 49 19 16 0 0.00 M M 10.1 26 270 M M 2 36 250
2 62 27 45 15 20 0 T M M 9.1 20 120 M M 3 26 120
3 50 24 37 7 28 0 T M M 15.9 30 290 M M 1 42 290
4 45 21 33 2 32 0 0.00 M M 9.2 22 150 M M 6 34 150
5 51 20 36 5 29 0 0.00 M M 10.6 28 190 M M 0 35 190
6 47 20 34 2 31 0 0.00 M M 14.0 26 350 M M 5 33 360
7 30 20 25 -7 40 0 T M M 5.6 12 120 M M 10 14 120
8 49 19 34 2 31 0 0.00 M M 5.7 20 350 M M 2 36 320
9 57 19 38 5 27 0 0.00 M M 5.8 15 140 M M 0 19 140
10 67 23 45 12 20 0 0.00 M M 7.5 28 340 M M 0 35 340
11 65 34 50 16 15 0 0.00 M M 6.9 20 350 M M 0 25 360
12 65 30 48 14 17 0 0.00 M M 9.2 21 360 M M 1 28 360
13 58 37 48 14 17 0 T M M 13.6 25 340 M M 6 32 340
14 41 21 31 -4 34 0 T M M 20.8 37 360 M M 6 48 360
15 63 16 40 5 25 0 0.00 M M 7.1 17 340 M M 0 22 10
16 54 31 43 7 22 0 0.00 M M 17.7 31 340 M M 1 42 340
17 46 19 33 -3 32 0 0.00 M M 15.7 29 340 M M 2 41 340
18 64 13 39 3 26 0 0.00 M M 6.5 21 330 M M 0 28 330
19 68 29 49 12 16 0 0.00 M M 8.6 21 20 M M 1 31 10
20 52 21 37 0 28 0 0.00 M M 12.7 26 160 M M 5 38 150
21 41 15 28 -9 37 0 0.00 M M 8.7 20 360 M M 3 23 350
22 30 24 27 -11 38 0 0.01 M M 7.1 17 140 M M 10 1 23 140
23 38 25 32 -6 33 0 0.03 M M 14.8 22 160 M M 10 1 27 150
24 26 19 23 -15 42 0 0.15 M M 13.0 26 10 M M 10 126 33 10
25 21 6 14 -25 51 0 0.01 M M 18.7 26 340 M M 6 1 33 340
26 25 3 14 -25 51 0 0.00 M M 7.7 14 360 M M 1 17 10
27 50 10 30 -9 35 0 0.00 M M 4.8 13 70 M M 3 17 50
================================================================================
SM 1329 579 793 0 0.20 M 287.1 M 94
================================================================================
AV 49.2 21.4 10.6 FASTST M M 3 MAX(MPH)
MISC ----> 37 360 48 360
================================================================================
NOTES:
# LAST OF SEVERAL OCCURRENCES
COLUMN 17 PEAK WIND IN M.P.H.
PRELIMINARY LOCAL CLIMATOLOGICAL DATA (WS FORM: F-6) , PAGE 2
STATION: RAPID CITY AIRPORT SD
MONTH: MARCH
YEAR: 2024
LATITUDE: 44 2 N
LONGITUDE: 103 4 W
[TEMPERATURE DATA] [PRECIPITATION DATA] SYMBOLS USED IN COLUMN 16
AVERAGE MONTHLY: 35.3 TOTAL FOR MONTH: 0.20 1 = FOG OR MIST
DPTR FM NORMAL: 0.7 DPTR FM NORMAL: -0.53 2 = FOG REDUCING VISIBILITY
HIGHEST: 68 ON 19 GRTST 24HR 0.18 ON 23-24 TO 1/4 MILE OR LESS
LOWEST: 3 ON 26 3 = THUNDER
SNOW, ICE PELLETS, HAIL 4 = ICE PELLETS
TOTAL MONTH: M 5 = HAIL
GRTST 24HR M ON M 6 = FREEZING RAIN OR DRIZZLE
GRTST DEPTH: M ON M 7 = DUSTSTORM OR SANDSTORM:
VSBY 1/2 MILE OR LESS
8 = SMOKE OR HAZE
[NO. OF DAYS WITH] [WEATHER - DAYS WITH] 9 = BLOWING SNOW
X = TORNADO
MAX 32 OR BELOW: 5 0.01 INCH OR MORE: 4
MAX 90 OR ABOVE: 0 0.10 INCH OR MORE: 1
MIN 32 OR BELOW: 24 0.50 INCH OR MORE: 0
MIN 0 OR BELOW: 0 1.00 INCH OR MORE: 0
[HDD (BASE 65) ]
TOTAL THIS MO. 793 CLEAR (SCALE 0-3) 16
DPTR FM NORMAL -23 PTCLDY (SCALE 4-7) 7
TOTAL FM JUL 1 5431 CLOUDY (SCALE 8-10) 4
DPTR FM NORMAL -643
[CDD (BASE 65) ]
TOTAL THIS MO. 0
DPTR FM NORMAL 0 [PRESSURE DATA]
TOTAL FM JAN 1 0 HIGHEST SLP M ON M
DPTR FM NORMAL 0 LOWEST SLP 29.27 ON 3
[REMARKS]