000
CXUS55 KLOX 241655
CF6SBP
PRELIMINARY LOCAL CLIMATOLOGICAL DATA (WS FORM: F-6)

                                          STATION:   SAN LUIS OBISPO AIRPORT CA
                                          MONTH:     MAY
                                          YEAR:      2018
                                          LATITUDE:   35 13 N
                                          LONGITUDE: 120 38 W

  TEMPERATURE IN F:       :PCPN:    SNOW:  WIND      :SUNSHINE: SKY     :PK WND
================================================================================
1   2   3   4   5  6A  6B    7    8   9   10  11  12  13   14  15   16   17  18
                                     12Z  AVG MX 2MIN
DY MAX MIN AVG DEP HDD CDD  WTR  SNW DPTH SPD SPD DIR MIN PSBL S-S WX    SPD DR
================================================================================

 1  65  43  54  -4  11   0 0.00  0.0    0  8.5 24 320   M    M   5        30 300
 2  66  14  40 -19  25   0    T    M    0  6.9 23 310   M    M   4        28 310
 3  65  44  55  -4  10   0 0.00  0.0    0  9.3 25 300   M    M   0        31 300
 4  79  50  65   6   0   0 0.00  0.0    0  6.1 24 310   M    M   3 12     28 310
 5  71  50  61   2   4   0 0.00  0.0    0  8.3 21 320   M    M   6 1      26 310
 6  70  51  61   2   4   0 0.00  0.0    0  8.3 21 310   M    M   2        24 310
 7  84  48  66   7   0   1 0.00  0.0    0 10.6 28 310   M    M   0        36 320
 8  79  50  65   6   0   0 0.00  0.0    0 11.7 23 310   M    M   1 1      28 310
 9  74  50  62   3   3   0 0.00  0.0    0 14.6 28 310   M    M   1        34 310
10  66  48  57  -3   8   0 0.00  0.0    0 12.4 28 310   M    M   1        32 310
11  61  46  54  -6  11   0 0.00  0.0    0  5.9 15 170   M    M   8        23 240
12  69  53  61   1   4   0 0.00  0.0    0  5.5 16 220   M    M   7        20 230
13  67  50  59  -1   6   0 0.00  0.0    0  5.1 15 320   M    M   6        21 310
14  69  46  58  -2   7   0 0.00  0.0    0  7.5 20 310   M    M   2        25 310
15  69  50  60   0   5   0 0.00  0.0    0  7.0 21 320   M    M   4        25 320
16  69  46  58  -2   7   0 0.00  0.0    0  9.3 23 310   M    M   2         M  M
17  70  50  60   0   5   0 0.00  0.0    0 13.8 28 310   M    M   2        39 330
18  68  53  61   1   4   0 0.00  0.0    0 10.5 28 320   M    M   6         M  M
19  69  54  62   2   3   0 0.00  0.0    0  7.7 24 310   M    M   6        31 310
20  67  52  60   0   5   0 0.00  0.0    0  8.9 24 300   M    M   5        30 300
21  65  53  59  -2   6   0 0.00  0.0    0  6.2 16 310   M    M  10        22 230
22  69  54  62   1   3   0 0.00  0.0    0  6.9 17 310   M    M   8 18     21 320
23  69  53  61   0   4   0 0.00  0.0    0  6.4 15 320   M    M   7        18 200
================================================================================
SM 1600 1108       135   1    T      0.0 197.4          M       96
================================================================================
AV 69.6 48.2                               8.6 FASTST   M    M   4    MAX(MPH)
                                 MISC ---->  # 28 310                 39    M
================================================================================
NOTES:
# LAST OF SEVERAL OCCURRENCES

COLUMN 17 PEAK WIND IN M.P.H.

PRELIMINARY LOCAL CLIMATOLOGICAL DATA (WS FORM: F-6) , PAGE 2

                                          STATION:  SAN LUIS OBISPO AIRPORT CA
                                          MONTH:    MAY
                                          YEAR:     2018
                                          LATITUDE:   35 13 N
                                          LONGITUDE: 120 38 W

[TEMPERATURE DATA]      [PRECIPITATION DATA]       SYMBOLS USED IN COLUMN 16

AVERAGE MONTHLY: 58.9   TOTAL FOR MONTH:      T    1 = FOG OR MIST
DPTR FM NORMAL:  -0.8   DPTR FM NORMAL:   -0.36    2 = FOG REDUCING VISIBILITY
HIGHEST:    84 ON  7    GRTST 24HR    T  ON  2- 2      TO 1/4 MILE OR LESS
LOWEST:     14 ON  2                               3 = THUNDER
                        SNOW, ICE PELLETS, HAIL    4 = ICE PELLETS
                        TOTAL MONTH:   0.0 INCH    5 = HAIL
                        GRTST 24HR     0.0         6 = FREEZING RAIN OR DRIZZLE
                        GRTST DEPTH:   0           7 = DUSTSTORM OR SANDSTORM:
                                                       VSBY 1/2 MILE OR LESS
                                                   8 = SMOKE OR HAZE
[NO. OF DAYS WITH]      [WEATHER - DAYS WITH]      9 = BLOWING SNOW
                                                   X = TORNADO
MAX 32 OR BELOW:   0    0.01 INCH OR MORE:   0
MAX 90 OR ABOVE:   0    0.10 INCH OR MORE:   0
MIN 32 OR BELOW:   1    0.50 INCH OR MORE:   0
MIN  0 OR BELOW:   0    1.00 INCH OR MORE:   0

[HDD (BASE 65) ]
TOTAL THIS MO.   135    CLEAR  (SCALE 0-3)   9
DPTR FM NORMAL     4    PTCLDY (SCALE 4-7)  13
TOTAL FM JUL 1  1481    CLOUDY (SCALE 8-10)  1
DPTR FM NORMAL  -790

[CDD (BASE 65) ]
TOTAL THIS MO.     1
DPTR FM NORMAL    -5    [PRESSURE DATA]
TOTAL FM JAN 1    34    HIGHEST SLP M ON M
DPTR FM NORMAL    18    LOWEST  SLP 29.76 ON 10

[REMARKS]
