000
CXUS53 KGRB 220907
CF6SUE
PRELIMINARY LOCAL CLIMATOLOGICAL DATA (WS FORM: F-6)

                                          STATION:   STURGEON BAY WI
                                          MONTH:     APRIL
                                          YEAR:      2018
                                          LATITUDE:   44 55 N
                                          LONGITUDE:  87 25 W

  TEMPERATURE IN F:       :PCPN:    SNOW:  WIND      :SUNSHINE: SKY     :PK WND
================================================================================
1   2   3   4   5  6A  6B    7    8   9   10  11  12  13   14  15   16   17  18
                                     12Z  AVG MX 2MIN
DY MAX MIN AVG DEP HDD CDD  WTR  SNW DPTH SPD SPD DIR MIN PSBL S-S WX    SPD DR
================================================================================

 1  28  15  22   M  43   0 0.00  0.0    0 11.8 16 240   M    M   0        23 260
 2  35  21  28   M  37   0    T    M    0  8.7 17 170   M    M   3 1       M  M
 3  33  22  28   M  37   0 0.05    M    0 14.5 29 360   M    M  10 1      38 350
 4  34  16  25   M  40   0    T    M    0 14.2 24 340   M    M   6 1      32 350
 5  35  16  26   M  39   0 0.00  0.0    0  9.4 15 230   M    M   1 1       M  M
 6  33  19  26   M  39   0    T    M    0 10.5 16 320   M    M   6 12     25 300
 7  32  15  24   M  41   0 0.00  0.0    0 10.1 14 250   M    M   3        18 290
 8  35   8  22   M  43   0 0.00  0.0    0  3.2  8 120   M    M   0         M  M
 9  38  22  30   M  35   0 0.00  0.0    0  4.1 10 210   M    M   2         M  M
10  40  24  32   M  33   0 0.00  0.0    0  8.4 15 240   M    M   1        22 250
11  45  32  39   M  26   0    T    M    0  8.2 12 150   M    M   5         M  M
12  40  34  37   M  28   0 0.35    M    0  7.6 21 360   M    M   8 12     22 350
13  36  28  32   M  33   0 0.42    M    0 12.0 18  40   M    M   9 123    31  30
14  31  24  28   M  37   0 0.11    M    0 20.6 27  40   M    M  10 12     39  60
15  30  24  27   M  38   0 0.04    M    0 18.2 23  50   M    M  10 12     39  50
16  33  25  29   M  36   0 0.09    M    0 17.3 22 340   M    M  10 1      32 340
17  35  25  30   M  35   0 0.01    M    0 12.9 20 300   M    M   9        27 300
18  36  31  34   M  31   0 0.00  0.0    0 11.8 17  20   M    M   7        25  20
19  51  29  40   M  25   0 0.00  0.0    0  8.0 15 340   M    M   0         M  M
20  52  25  39   M  26   0 0.00  0.0    0  4.7  9 200   M    M   0         M  M
21  55  34  45   M  20   0 0.00  0.0    0  5.8 12 230   M    M   0         M  M
================================================================================
SM  787  489       722   0  1.07     0.0 222.0          M      100
================================================================================
AV 37.5 23.3                              10.6 FASTST   M    M   5    MAX(MPH)
                                 MISC ---->  # 29 360               # 39   60
================================================================================
NOTES:
# LAST OF SEVERAL OCCURRENCES

COLUMN 17 PEAK WIND IN M.P.H.

PRELIMINARY LOCAL CLIMATOLOGICAL DATA (WS FORM: F-6) , PAGE 2

                                          STATION:  STURGEON BAY WI
                                          MONTH:    APRIL
                                          YEAR:     2018
                                          LATITUDE:   44 55 N
                                          LONGITUDE:  87 25 W

[TEMPERATURE DATA]      [PRECIPITATION DATA]       SYMBOLS USED IN COLUMN 16

AVERAGE MONTHLY: 30.4   TOTAL FOR MONTH:   1.07    1 = FOG OR MIST
DPTR FM NORMAL:     M   DPTR FM NORMAL:       M    2 = FOG REDUCING VISIBILITY
HIGHEST:    55 ON 21    GRTST 24HR  0.42 ON 13-13      TO 1/4 MILE OR LESS
LOWEST:      8 ON  8                               3 = THUNDER
                        SNOW, ICE PELLETS, HAIL    4 = ICE PELLETS
                        TOTAL MONTH:   0.0 INCH    5 = HAIL
                        GRTST 24HR     0.0         6 = FREEZING RAIN OR DRIZZLE
                        GRTST DEPTH:   0           7 = DUSTSTORM OR SANDSTORM:
                                                       VSBY 1/2 MILE OR LESS
                                                   8 = SMOKE OR HAZE
[NO. OF DAYS WITH]      [WEATHER - DAYS WITH]      9 = BLOWING SNOW
                                                   X = TORNADO
MAX 32 OR BELOW:   4    0.01 INCH OR MORE:   7
MAX 90 OR ABOVE:   0    0.10 INCH OR MORE:   3
MIN 32 OR BELOW:  19    0.50 INCH OR MORE:   0
MIN  0 OR BELOW:   0    1.00 INCH OR MORE:   0

[HDD (BASE 65) ]
TOTAL THIS MO.   722    CLEAR  (SCALE 0-3)  10
DPTR FM NORMAL     M    PTCLDY (SCALE 4-7)   4
TOTAL FM JUL 1  7238    CLOUDY (SCALE 8-10)  7
DPTR FM NORMAL  7000

[CDD (BASE 65) ]
TOTAL THIS MO.     0
DPTR FM NORMAL     M    [PRESSURE DATA]
TOTAL FM JAN 1     0    HIGHEST SLP M ON M
DPTR FM NORMAL     0    LOWEST  SLP M ON M

[REMARKS]
