000
CXUS56 KLKN 261009
CF6TPH
PRELIMINARY LOCAL CLIMATOLOGICAL DATA (WS FORM: F-6)

                                          STATION:   TONOPAH AIRPORT NV
                                          MONTH:     MAY
                                          YEAR:      2018
                                          LATITUDE:   38  3 N
                                          LONGITUDE: 117  5 W

  TEMPERATURE IN F:       :PCPN:    SNOW:  WIND      :SUNSHINE: SKY     :PK WND
================================================================================
1   2   3   4   5  6A  6B    7    8   9   10  11  12  13   14  15   16   17  18
                                     12Z  AVG MX 2MIN
DY MAX MIN AVG DEP HDD CDD  WTR  SNW DPTH SPD SPD DIR MIN PSBL S-S WX    SPD DR
================================================================================

 1  58  37  48  -6  17   0 0.02    M    M 11.2 26  30   M    M   7        32  30
 2  66  35  51  -3  14   0    T    M    M 11.7 25 340   M    M   3        31 320
 3  74  37  56   1   9   0 0.00    M    M  8.6 20 330   M    M   0        28 320
 4  78  43  61   6   4   0 0.00    M    M  6.2 14 240   M    M   0        21 240
 5  79  46  63   8   2   0 0.00    M    M 10.9 21 200   M    M   0        28 200
 6  83  48  66  10   0   1 0.00    M    M 11.1 25 200   M    M   0        34 200
 7  85  51  68  12   0   3 0.00    M    M  7.4 16  20   M    M   0        19 330
 8  90  51  71  15   0   6 0.00    M    M  9.5 18 360   M    M   0        24 320
 9  88  55  72  15   0   7 0.00    M    M 12.1 26 340   M    M   0        38 280
10  81  55  68  11   0   3 0.00    M    M 13.1 24 320   M    M   0        30 320
11  67  46  57   0   8   0    T    M    M 20.5 35 330   M    M   4        43 320
12  57  36  47 -11  18   0    T    M    M 13.0 32 320   M    M   6        37 320
13  65  38  52  -6  13   0    T    M    M 10.8 26 330   M    M   6        32 330
14  69  43  56  -2   9   0 0.00    M    M  8.3 25 210   M    M   5        30 200
15  73  43  58  -1   7   0 0.00    M    M  6.8 18 220   M    M   3        25 230
16  76  43  60   1   5   0 0.00    M    M 14.8 35 310   M    M   0        46 310
17  73  46  60   1   5   0 0.00    M    M 15.3 30 320   M    M   1        38 330
18  76  45  61   1   4   0 0.00    M    M 11.2 21 340   M    M   3        30 310
19  72  48  60   0   5   0 0.22    M    M  9.6 32 180   M    M   5 3      39 180
20  75  43  59  -1   6   0 0.01    M    M 10.3 22 190   M    M   2        38 230
21  62  46  54  -6  11   0 0.14    M    M 10.7 25 320   M    M   5 13     31 320
22  71  46  59  -2   6   0 0.03    M    M  5.1 18 190   M    M   6        22 190
23  78  52  65   4   0   0 0.00    M    M  8.8 21 200   M    M   7        28 220
24  81  47  64   3   1   0 0.00    M    M 10.3 26 180   M    M   0        33 200
25  75  50  63   1   2   0 0.00    M    M 15.8 31 190   M    M   0        42 180
================================================================================
SM 1852 1130       146  20  0.42    M    273.1          M       63
================================================================================
AV 74.1 45.2                              10.9 FASTST   M    M   3    MAX(MPH)
                                 MISC ---->  # 35 330               # 46  310
================================================================================
NOTES:
# LAST OF SEVERAL OCCURRENCES

COLUMN 17 PEAK WIND IN M.P.H.

PRELIMINARY LOCAL CLIMATOLOGICAL DATA (WS FORM: F-6) , PAGE 2

                                          STATION:  TONOPAH AIRPORT NV
                                          MONTH:    MAY
                                          YEAR:     2018
                                          LATITUDE:   38  3 N
                                          LONGITUDE: 117  5 W

[TEMPERATURE DATA]      [PRECIPITATION DATA]       SYMBOLS USED IN COLUMN 16

AVERAGE MONTHLY: 59.6   TOTAL FOR MONTH:   0.42    1 = FOG OR MIST
DPTR FM NORMAL:   1.7   DPTR FM NORMAL:    0.00    2 = FOG REDUCING VISIBILITY
HIGHEST:    90 ON  8    GRTST 24HR  0.22 ON 19-19      TO 1/4 MILE OR LESS
LOWEST:     35 ON  2                               3 = THUNDER
                        SNOW, ICE PELLETS, HAIL    4 = ICE PELLETS
                        TOTAL MONTH:    M          5 = HAIL
                        GRTST 24HR    M  ON   M    6 = FREEZING RAIN OR DRIZZLE
                        GRTST DEPTH:  M  ON   M    7 = DUSTSTORM OR SANDSTORM:
                                                       VSBY 1/2 MILE OR LESS
                                                   8 = SMOKE OR HAZE
[NO. OF DAYS WITH]      [WEATHER - DAYS WITH]      9 = BLOWING SNOW
                                                   X = TORNADO
MAX 32 OR BELOW:   0    0.01 INCH OR MORE:   5
MAX 90 OR ABOVE:   1    0.10 INCH OR MORE:   2
MIN 32 OR BELOW:   0    0.50 INCH OR MORE:   0
MIN  0 OR BELOW:   0    1.00 INCH OR MORE:   0

[HDD (BASE 65) ]
TOTAL THIS MO.   146    CLEAR  (SCALE 0-3)  16
DPTR FM NORMAL   -48    PTCLDY (SCALE 4-7)   9
TOTAL FM JUL 1  4786    CLOUDY (SCALE 8-10)  0
DPTR FM NORMAL  -601

[CDD (BASE 65) ]
TOTAL THIS MO.    20
DPTR FM NORMAL     8    [PRESSURE DATA]
TOTAL FM JAN 1    22    HIGHEST SLP M ON M
DPTR FM NORMAL     9    LOWEST  SLP 29.67 ON 25

[REMARKS]
