000
CDUS41 KBTV 250541
CLI1V4


CLIMATE REPORT
NATIONAL WEATHER SERVICE BURLINGTON VT
140 AM EDT FRI MAY 25 2018


...................................

...THE ST. JOHNSBURY VT CLIMATE SUMMARY FOR MAY 24 2018...

CLIMATE NORMAL PERIOD 1981 TO 2010
CLIMATE RECORD PERIOD 1894 TO 2018


WEATHER ITEM   OBSERVED TIME   RECORD YEAR NORMAL DEPARTURE LAST
                VALUE   (LST)  VALUE       VALUE  FROM      YEAR
                                                  NORMAL
..................................................................
TEMPERATURE (F)
 YESTERDAY
  MAXIMUM         71        MM  91    1975  71      0       74
  MINIMUM         41        MM  24    1903  47     -6       47
  AVERAGE         56                        59     -3       61

PRECIPITATION (IN)
  YESTERDAY        0.00          1.40 2004   0.12  -0.12     0.00
  MONTH TO DATE    1.47                      2.55  -1.08     3.64
  SINCE MAR 1      8.41                      7.92   0.49     9.96
  SINCE JAN 1     13.99                     12.60   1.39    15.70

DEGREE DAYS
 HEATING
  YESTERDAY        9                         7      2        4
  MONTH TO DATE  203                       244    -41      314
  SINCE MAR 1   2082                      1939    143     2108
  SINCE JUL 1   7599                      7663    -64     7121

 COOLING
  YESTERDAY        0                         1     -1        0
  MONTH TO DATE    0                         7     -7       12
  SINCE MAR 1      0                         8     -8       13
  SINCE JAN 1      0                         8     -8       13
..................................................................


WIND (MPH)
  HIGHEST WIND SPEED    MM   HIGHEST WIND DIRECTION    MM
  HIGHEST GUST SPEED    MM   HIGHEST GUST DIRECTION    MM
  AVERAGE WIND SPEED    MM


SKY COVER
  AVERAGE SKY COVER 0.0


WEATHER CONDITIONS
 THE FOLLOWING WEATHER WAS RECORDED YESTERDAY.
  NO SIGNIFICANT WEATHER WAS OBSERVED.


RELATIVE HUMIDITY (PERCENT)
 HIGHEST   100          1200 AM
 LOWEST     24          1100 AM
 AVERAGE    62

..........................................................


THE ST. JOHNSBURY VT CLIMATE NORMALS FOR TODAY
                         NORMAL    RECORD    YEAR
 MAXIMUM TEMPERATURE (F)   71        90      2010
                                             2007
 MINIMUM TEMPERATURE (F)   47        24      1956


SUNRISE AND SUNSET
MAY 25 2018...........SUNRISE   511 AM EDT   SUNSET   819 PM EDT
MAY 26 2018...........SUNRISE   511 AM EDT   SUNSET   820 PM EDT


-  INDICATES NEGATIVE NUMBERS.
R  INDICATES RECORD WAS SET OR TIED.
MM INDICATES DATA IS MISSING.
T  INDICATES TRACE AMOUNT.




$$
