000
CDUS43 KUNR 260831
CLI2WX


CLIMATE REPORT
NATIONAL WEATHER SERVICE RAPID CITY SD
231 AM MDT THU APR 26 2018


...................................

...THE BUFFALO SD CLIMATE SUMMARY FOR APRIL 25 2018...

CLIMATE NORMAL PERIOD 1981 TO 2010
CLIMATE RECORD PERIOD 9999 TO 9999


WEATHER ITEM   OBSERVED TIME   NORMAL DEPARTURE LAST
                VALUE   (LST)  VALUE  FROM      YEAR
                                      NORMAL
......................................................
TEMPERATURE (F)
 YESTERDAY
  MAXIMUM         74    240 PM  59     15       33
  MINIMUM         32    338 AM  34     -2       28
  AVERAGE         53            47      6       31

PRECIPITATION (IN)
  YESTERDAY        0.00          0.06  -0.06     0.01
  MONTH TO DATE    1.42          1.15   0.27     3.20
  SINCE MAR 1      2.60          1.92   0.68     4.71
  SINCE JAN 1      4.08          2.49   1.59     5.01

DEGREE DAYS
 HEATING
  YESTERDAY       12            18     -6       34
  MONTH TO DATE  744           564    180      463
  SINCE MAR 1   1900          1570    330     1303
  SINCE JUL 1   7835          7367    468     6654

 COOLING
  YESTERDAY        0             0      0        0
  MONTH TO DATE    0             0      0        0
  SINCE MAR 1      0             0      0        0
  SINCE JAN 1      0             0      0        0
......................................................


WIND (MPH)
  HIGHEST WIND SPEED    30   HIGHEST WIND DIRECTION    NW (310)
  HIGHEST GUST SPEED    35   HIGHEST GUST DIRECTION    NW (330)
  AVERAGE WIND SPEED    15.5




RELATIVE HUMIDITY (PERCENT)
 HIGHEST    75          1200 AM
 LOWEST     13           200 PM
 AVERAGE    44

..........................................................




SUNRISE AND SUNSET
APRIL 26 2018.........SUNRISE   550 AM MDT   SUNSET   755 PM MDT
APRIL 27 2018.........SUNRISE   548 AM MDT   SUNSET   756 PM MDT


-  INDICATES NEGATIVE NUMBERS.
R  INDICATES RECORD WAS SET OR TIED.
MM INDICATES DATA IS MISSING.
T  INDICATES TRACE AMOUNT.




$$
