000
CDUS44 KFWD 242131
CLIACT


CLIMATE REPORT
NATIONAL WEATHER SERVICE FORT WORTH TX
428 PM CDT TUE APR 24 2018


...................................

...THE WACO CLIMATE SUMMARY FOR APRIL 24 2018...
VALID AS OF 0400 PM LOCAL TIME.

CLIMATE NORMAL PERIOD 1981 TO 2010
CLIMATE RECORD PERIOD 1901 TO 2018


WEATHER ITEM   OBSERVED TIME   RECORD YEAR NORMAL DEPARTURE LAST
                VALUE   (LST)  VALUE       VALUE  FROM      YEAR
                                                  NORMAL
..................................................................
TEMPERATURE (F)
 TODAY
  MAXIMUM         86    259 PM  92    2003  80      6       79
                                      1984
  MINIMUM         49    601 AM  39    2013  57     -8       44
                                      1995
  AVERAGE         68

PRECIPITATION (IN)
  TODAY            0.00          5.07 2004   0.11  -0.11     0.00
  MONTH TO DATE    0.51                      2.04  -1.53     6.96
  SINCE MAR 1      3.00                      5.19  -2.19    10.28
  SINCE JAN 1      5.43                      9.94  -4.51    16.44

SNOWFALL (IN)
  TODAY            0.0           0.0         0.0    0.0      0.0
  MONTH TO DATE    0.0                       0.1   -0.1      0.0
  SINCE MAR 1      0.0                       0.2   -0.2      0.0
  SINCE JUL 1      T                         1.0   -1.0       T
  SNOW DEPTH       0

..................................................................


WIND (MPH)
  HIGHEST WIND SPEED    10   HIGHEST WIND DIRECTION     S (190)
  HIGHEST GUST SPEED    14   HIGHEST GUST DIRECTION     S (200)
  AVERAGE WIND SPEED     3.5




..........................................................


THE WACO CLIMATE NORMALS FOR TOMORROW
                         NORMAL    RECORD    YEAR
 MAXIMUM TEMPERATURE (F)   80        94      1996
 MINIMUM TEMPERATURE (F)   57        38      1910


SUNRISE AND SUNSET
APRIL 24 2018.........SUNRISE   650 AM CDT   SUNSET   804 PM CDT
APRIL 25 2018.........SUNRISE   649 AM CDT   SUNSET   805 PM CDT


-  INDICATES NEGATIVE NUMBERS.
R  INDICATES RECORD WAS SET OR TIED.
MM INDICATES DATA IS MISSING.
T  INDICATES TRACE AMOUNT.




$$
