000
CDUS42 KFFC 230832
CLIAHN


CLIMATE REPORT
NATIONAL WEATHER SERVICE PEACHTREE CITY GA
432 AM EDT MON APR 23 2018


...................................

...THE ATHENS CLIMATE SUMMARY FOR APRIL 22 2018...

CLIMATE NORMAL PERIOD 1981 TO 2010
CLIMATE RECORD PERIOD 1898 TO 2018


WEATHER ITEM   OBSERVED TIME   RECORD YEAR NORMAL DEPARTURE LAST
                VALUE   (LST)  VALUE       VALUE  FROM      YEAR
                                                  NORMAL
..................................................................
TEMPERATURE (F)
 YESTERDAY
  MAXIMUM         65   1154 AM  87    1987  76    -11       85
  MINIMUM         52    122 AM  34    1978  51      1       60
  AVERAGE         59                        63     -4       73

PRECIPITATION (IN)
  YESTERDAY        0.39          1.77 1931   0.10   0.29     0.00
  MONTH TO DATE    3.02                      2.33   0.69     4.31
  SINCE MAR 1      6.20                      6.76  -0.56     8.62
  SINCE JAN 1     16.61                     15.29   1.32    16.32

SNOWFALL (IN)
  YESTERDAY        0.0           0.0  2002   0.0    0.0      0.0
                                      2001
                                      2000
  MONTH TO DATE    0.0                       0.1   -0.1      0.0
  SINCE MAR 1      0.0                       0.9   -0.9      0.0
  SINCE JUL 1      1.1                       3.0   -1.9      0.0
  SNOW DEPTH       0

DEGREE DAYS
 HEATING
  YESTERDAY        6                         4      2        0
  MONTH TO DATE  163                       123     40       47
  SINCE MAR 1    546                       463     83      328
  SINCE JUL 1   2552                      2718   -166     1852

 COOLING
  YESTERDAY        0                         2     -2        8
  MONTH TO DATE   11                        28    -17       78
  SINCE MAR 1     14                        38    -24      116
  SINCE JAN 1     48                        39      9      125
..................................................................


WIND (MPH)
  RESULTANT WIND SPEED   6   RESULTANT WIND DIRECTION   E (90)
  HIGHEST WIND SPEED    14   HIGHEST WIND DIRECTION     E (90)
  HIGHEST GUST SPEED    23   HIGHEST GUST DIRECTION     E (80)
  AVERAGE WIND SPEED     7.1


SKY COVER
  POSSIBLE SUNSHINE  MM
  AVERAGE SKY COVER 1.0


WEATHER CONDITIONS
 THE FOLLOWING WEATHER WAS RECORDED YESTERDAY.
  RAIN
  LIGHT RAIN
  FOG


RELATIVE HUMIDITY (PERCENT)
 HIGHEST   100           300 PM
 LOWEST     66          1200 AM
 AVERAGE    83

..........................................................


THE ATHENS CLIMATE NORMALS FOR TODAY
                         NORMAL    RECORD    YEAR
 MAXIMUM TEMPERATURE (F)   76        94      1925
 MINIMUM TEMPERATURE (F)   51        33      1986


SUNRISE AND SUNSET
APRIL 23 2018.........SUNRISE   653 AM EDT   SUNSET   811 PM EDT
APRIL 24 2018.........SUNRISE   652 AM EDT   SUNSET   812 PM EDT


-  INDICATES NEGATIVE NUMBERS.
R  INDICATES RECORD WAS SET OR TIED.
MM INDICATES DATA IS MISSING.
T  INDICATES TRACE AMOUNT.




$$
