000
CDUS45 KBOU 250731
CLIAKO


CLIMATE REPORT
NATIONAL WEATHER SERVICE DENVER/BOULDER CO
130 AM MDT FRI MAY 25 2018


...................................

...THE AKRON CO CLIMATE SUMMARY FOR MAY 24 2018...

CLIMATE NORMAL PERIOD 1981 TO 2010
CLIMATE RECORD PERIOD 9999 TO 9999


WEATHER ITEM   OBSERVED TIME   RECORD YEAR NORMAL DEPARTURE LAST
                VALUE   (LST)  VALUE       VALUE  FROM      YEAR
                                                  NORMAL
..................................................................
TEMPERATURE (F)
 YESTERDAY
  MAXIMUM         83    417 PM  92    1967  73     10
  MINIMUM         52    534 AM  36    1946  46      6
  AVERAGE         68                        60      8

PRECIPITATION (IN)
  YESTERDAY        0.00          2.27 1948   0.10  -0.10     0.00
  MONTH TO DATE    4.80                      2.19   2.61     2.80
  SINCE MAR 1      7.33                      4.71   2.62     6.52
  SINCE JAN 1      8.44                      5.45   2.99     6.63

SNOWFALL (IN)
  YESTERDAY        0.0
  SNOW DEPTH       0

DEGREE DAYS
 HEATING
  YESTERDAY        0
  MONTH TO DATE  162

 COOLING
  YESTERDAY        3
  MONTH TO DATE   15
..................................................................


WIND (MPH)
  HIGHEST WIND SPEED    21   HIGHEST WIND DIRECTION     N (340)
  HIGHEST GUST SPEED    27   HIGHEST GUST DIRECTION     N (340)




RELATIVE HUMIDITY (PERCENT)
 HIGHEST    93
 LOWEST     20
 AVERAGE    57

..........................................................


THE AKRON CO CLIMATE NORMALS FOR TODAY
                         NORMAL    RECORD    YEAR
 MAXIMUM TEMPERATURE (F)   73        93      1964
 MINIMUM TEMPERATURE (F)   47        32      1992


SUNRISE AND SUNSET
MAY 25 2018...........SUNRISE   529 AM MDT   SUNSET   811 PM MDT
MAY 26 2018...........SUNRISE   529 AM MDT   SUNSET   812 PM MDT


-  INDICATES NEGATIVE NUMBERS.
R  INDICATES RECORD WAS SET OR TIED.
MM INDICATES DATA IS MISSING.
T  INDICATES TRACE AMOUNT.




$$
