890
CDUS44 KAMA 250629
CLIAMA


CLIMATE REPORT
NATIONAL WEATHER SERVICE AMARILLO TX
129 AM CDT FRI MAY 25 2018


...................................

...THE AMARILLO CLIMATE SUMMARY FOR MAY 24 2018...

CLIMATE NORMAL PERIOD 1981 TO 2010
CLIMATE RECORD PERIOD 1892 TO 2018


WEATHER ITEM   OBSERVED TIME   RECORD YEAR NORMAL DEPARTURE LAST
                VALUE   (LST)  VALUE       VALUE  FROM      YEAR
                                                  NORMAL
..................................................................
TEMPERATURE (F)
 YESTERDAY
  MAXIMUM         92    514 PM 100    2000  82     10       84
  MINIMUM         58    631 AM  41    2017  54      4       41
                                      1924
  AVERAGE         75                        68      7       63

PRECIPITATION (IN)
  YESTERDAY        0.01          3.17 1936   0.08  -0.07     0.00
  MONTH TO DATE    0.17                      1.58  -1.41     1.14
  SINCE MAR 1      1.01                      4.37  -3.36     4.46
  SINCE JAN 1      1.02                      5.65  -4.63     8.14

SNOWFALL (IN)
  YESTERDAY        0.0           T    1996   0.0    0.0      0.0
  MONTH TO DATE    0.0                       0.2   -0.2      0.0
  SINCE MAR 1      0.0                       3.8   -3.8      2.0
  SINCE JUL 1      T                        17.8  -17.8     10.0
  SNOW DEPTH       0

DEGREE DAYS
 HEATING
  YESTERDAY        0                         2     -2        2
  MONTH TO DATE   10                        76    -66       93
  SINCE MAR 1    715                       887   -172      678
  SINCE JUL 1   3621                      4164   -543     3236

 COOLING
  YESTERDAY       10                         5      5        0
  MONTH TO DATE  185                        66    119       47
  SINCE MAR 1    220                        87    133       96
  SINCE JAN 1    220                        87    133      101
..................................................................


WIND (MPH)
  RESULTANT WIND SPEED  10   RESULTANT WIND DIRECTION   S (180)
  HIGHEST WIND SPEED    23   HIGHEST WIND DIRECTION     S (180)
  HIGHEST GUST SPEED    30   HIGHEST GUST DIRECTION     S (170)
  AVERAGE WIND SPEED    14.2


SKY COVER
  AVERAGE SKY COVER 0.0


WEATHER CONDITIONS
 THE FOLLOWING WEATHER WAS RECORDED YESTERDAY.
  THUNDERSTORM
  LIGHT RAIN


RELATIVE HUMIDITY (PERCENT)
 HIGHEST   100           600 AM
 LOWEST     16           600 PM
 AVERAGE    58

..........................................................


THE AMARILLO CLIMATE NORMALS FOR TODAY
                         NORMAL    RECORD    YEAR
 MAXIMUM TEMPERATURE (F)   82       102      1953
 MINIMUM TEMPERATURE (F)   55        42      1950


SUNRISE AND SUNSET
MAY 25 2018...........SUNRISE   636 AM CDT   SUNSET   852 PM CDT
MAY 26 2018...........SUNRISE   636 AM CDT   SUNSET   852 PM CDT


-  INDICATES NEGATIVE NUMBERS.
R  INDICATES RECORD WAS SET OR TIED.
MM INDICATES DATA IS MISSING.
T  INDICATES TRACE AMOUNT.




$$
