715
CDUS43 KAPX 260528
CLIAPN


CLIMATE REPORT
NATIONAL WEATHER SERVICE GAYLORD MI
127 AM EDT SAT MAY 26 2018


...................................

...THE ALPENA MI CLIMATE SUMMARY FOR MAY 25 2018...

CLIMATE NORMAL PERIOD 1981 TO 2010
CLIMATE RECORD PERIOD 1916 TO 2018


WEATHER ITEM   OBSERVED TIME   RECORD YEAR NORMAL DEPARTURE LAST
                VALUE   (LST)  VALUE       VALUE  FROM      YEAR
                                                  NORMAL
..................................................................
TEMPERATURE (F)
 YESTERDAY
  MAXIMUM         90R   224 PM  87    1965  68     22       57
  MINIMUM         57    128 AM  26    1934  43     14       51
  AVERAGE         74                        55     19       54

PRECIPITATION (IN)
  YESTERDAY        T             1.57 1955   0.09  -0.09     0.38
  MONTH TO DATE    2.17                      2.11   0.06     1.75
  SINCE MAR 1      8.71                      6.36   2.35     9.43
  SINCE JAN 1     12.60                      9.34   3.26    14.92

DEGREE DAYS
 HEATING
  YESTERDAY        0                        10    -10       11
  MONTH TO DATE  253                       343    -90      366
  SINCE MAR 1   2342                      2170    172     2082
  SINCE JUL 1   7791                      7902   -111     6713

 COOLING
  YESTERDAY        9                         1      8        0
  MONTH TO DATE   19                         2     17        6
  SINCE MAR 1     19                         4     15        6
  SINCE JAN 1     19                         4     15        6
..................................................................


WIND (MPH)
  HIGHEST WIND SPEED    20   HIGHEST WIND DIRECTION     N (350)
  HIGHEST GUST SPEED    27   HIGHEST GUST DIRECTION     W (270)
  AVERAGE WIND SPEED     6.6




RELATIVE HUMIDITY (PERCENT)
 HIGHEST    90
 LOWEST     40
 AVERAGE    65

..........................................................


THE ALPENA MI CLIMATE NORMALS FOR TODAY
                         NORMAL    RECORD    YEAR
 MAXIMUM TEMPERATURE (F)   68        90      1944
 MINIMUM TEMPERATURE (F)   43        25      1969


SUNRISE AND SUNSET
MAY 26 2018...........SUNRISE   555 AM EDT   SUNSET   909 PM EDT
MAY 27 2018...........SUNRISE   554 AM EDT   SUNSET   910 PM EDT


-  INDICATES NEGATIVE NUMBERS.
R  INDICATES RECORD WAS SET OR TIED.
MM INDICATES DATA IS MISSING.
T  INDICATES TRACE AMOUNT.




$$
