000
CDUS44 KEWX 222225
CLIATT


CLIMATE REPORT
NATIONAL WEATHER SERVICE AUSTIN/SAN ANTONIO, TX
525 PM CDT TUE MAY 22 2018


...................................

...THE AUSTIN CAMP MABRY CLIMATE SUMMARY FOR MAY 22 2018...
VALID TODAY AS OF 0500 PM LOCAL TIME.

CLIMATE NORMAL PERIOD 1981 TO 2010
CLIMATE RECORD PERIOD 1897 TO 2018


WEATHER ITEM   OBSERVED TIME   RECORD YEAR NORMAL DEPARTURE LAST
                VALUE   (LST)  VALUE       VALUE  FROM      YEAR
                                                  NORMAL
..................................................................
TEMPERATURE (F)
 TODAY
  MAXIMUM         88    359 PM  98    1939  88      0       77
  MINIMUM         72    155 AM  54    2001  68      4       61
  AVERAGE         80                        78      2       69

PRECIPITATION (IN)
  TODAY            0.00          1.30 1898   0.16  -0.16     0.02
  MONTH TO DATE    4.57                      2.99   1.58     2.29
  SINCE MAR 1      8.78                      7.84   0.94     5.99
  SINCE JAN 1     10.77                     12.08  -1.31    12.21

SNOWFALL (IN)
  TODAY            0.0
  MONTH TO DATE    0.0
  SINCE MAR 1      0.0
  SINCE JUL 1      0.4
  SNOW DEPTH       0

DEGREE DAYS
 HEATING
  TODAY            0                         0      0        0
  MONTH TO DATE    0                         0      0        0
  SINCE MAR 1     95                       200   -105       56
  SINCE JUL 1   1363                      1537   -174      834

 COOLING
  TODAY           15                        13      2        4
  MONTH TO DATE  310                       234     76      238
  SINCE MAR 1    557                       459     98      624
  SINCE JAN 1    599                       486    113      741
..................................................................


WIND (MPH)
  HIGHEST WIND SPEED    13   HIGHEST WIND DIRECTION    SE (120)
  HIGHEST GUST SPEED    18   HIGHEST GUST DIRECTION     E (110)
  AVERAGE WIND SPEED     3.7


SKY COVER
  AVERAGE SKY COVER 0.7


WEATHER CONDITIONS
 THE FOLLOWING WEATHER WAS RECORDED TODAY.
  NO SIGNIFICANT WEATHER WAS OBSERVED.


RELATIVE HUMIDITY (PERCENT)
 HIGHEST    93          1200 AM
 LOWEST     50           300 PM
 AVERAGE    72

..........................................................


THE AUSTIN CAMP MABRY CLIMATE NORMALS FOR TOMORROW
                         NORMAL    RECORD    YEAR
 MAXIMUM TEMPERATURE (F)   88       100      2008
 MINIMUM TEMPERATURE (F)   68        50      1913


SUNRISE AND SUNSET
MAY 22 2018...........SUNRISE   633 AM CDT   SUNSET   822 PM CDT
MAY 23 2018...........SUNRISE   633 AM CDT   SUNSET   823 PM CDT


-  INDICATES NEGATIVE NUMBERS.
R  INDICATES RECORD WAS SET OR TIED.
MM INDICATES DATA IS MISSING.
T  INDICATES TRACE AMOUNT.




$$
