000
CDUS43 KGRB 260637
CLIAUW


CLIMATE REPORT
NATIONAL WEATHER SERVICE GREEN BAY
137 AM CDT SAT MAY 26 2018


...................................

...THE WAUSAU WI CLIMATE SUMMARY FOR MAY 25 2018...

CLIMATE NORMAL PERIOD 1981 TO 2010
CLIMATE RECORD PERIOD 1896 TO 2018


WEATHER ITEM   OBSERVED TIME   RECORD YEAR NORMAL DEPARTURE LAST
                VALUE   (LST)  VALUE       VALUE  FROM      YEAR
                                                  NORMAL
..................................................................
TEMPERATURE (F)
 YESTERDAY
  MAXIMUM         84        MM  88    1972  70     14       73
  MINIMUM         65        MM  30    1913  47     18       48
                                      1897
  AVERAGE         75                        58     17

PRECIPITATION (IN)
  YESTERDAY        0.00          1.92 1939   0.12  -0.12     0.00
  MONTH TO DATE    2.09                      2.73  -0.64     3.44
  SINCE MAR 1      6.95                      7.22  -0.27    11.41
  SINCE JAN 1      9.42                      9.16   0.26    15.35

SNOWFALL (IN)
  YESTERDAY        0.0           T    1925   0.0    0.0      0.0
  MONTH TO DATE    0.0                       0.2   -0.2      0.0
  SINCE JUL 1     89.2                      59.6   29.6     60.5
  SNOW DEPTH       0

DEGREE DAYS
 HEATING
  YESTERDAY        0                         7     -7        4
  MONTH TO DATE  131                       269   -138      312
  SINCE MAR 1   2205                      1985    220     1957
  SINCE JUL 1   8293                      8121    172     7183

 COOLING
  YESTERDAY       10                         1      9        0
  MONTH TO DATE   24                         8     16        1
  SINCE MAR 1     24                        10     14        1
  SINCE JAN 1     24                        10     14        1
..................................................................


WIND (MPH)
  HIGHEST WIND SPEED    18   HIGHEST WIND DIRECTION     W (270)
  HIGHEST GUST SPEED    36   HIGHEST GUST DIRECTION     W (250)
  AVERAGE WIND SPEED     8.1


SKY COVER
  POSSIBLE SUNSHINE  MM
  AVERAGE SKY COVER 0.1


WEATHER CONDITIONS
 THE FOLLOWING WEATHER WAS RECORDED YESTERDAY.
  NO SIGNIFICANT WEATHER WAS OBSERVED.


RELATIVE HUMIDITY (PERCENT)
 HIGHEST    93           300 AM
 LOWEST     43          1000 AM
 AVERAGE    68

..........................................................


THE WAUSAU WI CLIMATE NORMALS FOR TODAY
                         NORMAL    RECORD    YEAR
 MAXIMUM TEMPERATURE (F)   70        91      1967
 MINIMUM TEMPERATURE (F)   47        30      1905


SUNRISE AND SUNSET
MAY 26 2018...........SUNRISE   519 AM CDT   SUNSET   832 PM CDT
MAY 27 2018...........SUNRISE   519 AM CDT   SUNSET   833 PM CDT


-  INDICATES NEGATIVE NUMBERS.
R  INDICATES RECORD WAS SET OR TIED.
MM INDICATES DATA IS MISSING.
T  INDICATES TRACE AMOUNT.




$$
