000
CDUS42 KGSP 192030
CLIAVL

CLIMATE REPORT
NATIONAL WEATHER SERVICE GREENVILLE-SPARTANBURG SC
429 PM EDT THU APR 19 2018


...................................

...THE ASHEVILLE NC CLIMATE SUMMARY FOR APRIL 19 2018...
VALID TODAY AS OF 0400 PM LOCAL TIME.

CLIMATE NORMAL PERIOD 1981 TO 2010
CLIMATE RECORD PERIOD 1869 TO 2018


WEATHER ITEM   OBSERVED TIME   RECORD YEAR NORMAL DEPARTURE LAST
                VALUE   (LST)  VALUE       VALUE  FROM      YEAR
                                                  NORMAL
..................................................................
TEMPERATURE (F)
 TODAY
  MAXIMUM         68    216 AM  89    1896  69     -1       65
  MINIMUM         50    118 PM  27    1983  44      6       54
  AVERAGE         59                        56      3       60

PRECIPITATION (IN)
  TODAY            0.00          1.64 1940   0.10  -0.10     0.38
  MONTH TO DATE    2.77                      2.09   0.68     3.46
  SINCE MAR 1      5.88                      5.92  -0.04     7.38
  SINCE JAN 1     15.49                     13.35   2.14    11.80

SNOWFALL (IN)
  TODAY            0.0           T    1953   0.0    0.0      0.0
  MONTH TO DATE    T                         0.6   -0.6      0.0
  SINCE MAR 1      1.2                       2.5   -1.3      2.1
  SINCE JUL 1     12.0                       9.8    2.2      9.4
  SNOW DEPTH       0

DEGREE DAYS
 HEATING
  TODAY            6                         9     -3        5
  MONTH TO DATE  215                       217     -2      118
  SINCE MAR 1    801                       772     29      625
  SINCE JUL 1   3651                      3989   -338     3019

 COOLING
  TODAY            0                         0      0        0
  MONTH TO DATE    4                         0      4        6
  SINCE MAR 1      4                         1      3        6
  SINCE JAN 1      8                         1      7        6
..................................................................


WIND (MPH)
  HIGHEST WIND SPEED    32   HIGHEST WIND DIRECTION     N (340)
  HIGHEST GUST SPEED    41   HIGHEST GUST DIRECTION     N (340)
  AVERAGE WIND SPEED    15.8


SKY COVER
  POSSIBLE SUNSHINE  MM
  AVERAGE SKY COVER 0.0


WEATHER CONDITIONS
 THE FOLLOWING WEATHER WAS RECORDED TODAY.
  NO SIGNIFICANT WEATHER WAS OBSERVED.


RELATIVE HUMIDITY (PERCENT)
 HIGHEST    67           600 AM
 LOWEST     43          1000 AM
 AVERAGE    55

..........................................................


THE ASHEVILLE NC CLIMATE NORMALS FOR TOMORROW
                         NORMAL    RECORD    YEAR
 MAXIMUM TEMPERATURE (F)   69        88      1896
 MINIMUM TEMPERATURE (F)   44        27      1988
                                             1983


SUNRISE AND SUNSET
APRIL 19 2018.........SUNRISE   653 AM EDT   SUNSET   806 PM EDT
APRIL 20 2018.........SUNRISE   651 AM EDT   SUNSET   807 PM EDT


-  INDICATES NEGATIVE NUMBERS.
R  INDICATES RECORD WAS SET OR TIED.
MM INDICATES DATA IS MISSING.
T  INDICATES TRACE AMOUNT.

$$
