000
CDUS44 KBMX 260736
CLIBHM


CLIMATE REPORT
NATIONAL WEATHER SERVICE BIRMINGHAM, AL
236 AM CDT THU APR 26 2018


...................................

...THE BIRMINGHAM CLIMATE SUMMARY FOR APRIL 25 2018...

CLIMATE NORMAL PERIOD 1981 TO 2010
CLIMATE RECORD PERIOD 1895 TO 2018


WEATHER ITEM   OBSERVED TIME   RECORD YEAR NORMAL DEPARTURE LAST
                VALUE   (LST)  VALUE       VALUE  FROM      YEAR
                                                  NORMAL
..................................................................
TEMPERATURE (F)
 YESTERDAY
  MAXIMUM         75    421 PM  88    2009  77     -2       80
                                      1896
  MINIMUM         54    522 AM  33    1910  53      1       53
  AVERAGE         65                        65      0       67

PRECIPITATION (IN)
  YESTERDAY        0.00          2.10 1980   0.15  -0.15     0.00
  MONTH TO DATE    6.99                      3.66   3.33     5.03
  SINCE MAR 1     11.12                      8.89   2.23    10.27
  SINCE JAN 1     20.61                     18.26   2.35    19.93

SNOWFALL (IN)
  YESTERDAY        0.0                       0.0    0.0      0.0
  MONTH TO DATE    0.0                       0.2   -0.2      0.0
  SINCE MAR 1      0.0                       0.8   -0.8      0.0
  SINCE JUL 1      4.0                       1.6    2.4      0.3
  SNOW DEPTH       0

DEGREE DAYS
 HEATING
  YESTERDAY        0                         3     -3        0
  MONTH TO DATE  146                       128     18       38
  SINCE MAR 1    458                       450      8      289
  SINCE JUL 1   2459                      2640   -181     1661

 COOLING
  YESTERDAY        0                         3     -3        2
  MONTH TO DATE   24                        47    -23      122
  SINCE MAR 1     44                        65    -21      176
  SINCE JAN 1     90                        69     21      191
..................................................................


WIND (MPH)
  HIGHEST WIND SPEED    15   HIGHEST WIND DIRECTION     N (360)
  HIGHEST GUST SPEED    22   HIGHEST GUST DIRECTION     N (10)
  AVERAGE WIND SPEED     7.2


SKY COVER
  AVERAGE SKY COVER 0.7


WEATHER CONDITIONS
 THE FOLLOWING WEATHER WAS RECORDED YESTERDAY.
  FOG
  HAZE


RELATIVE HUMIDITY (PERCENT)
 HIGHEST   100           500 AM
 LOWEST     44           300 PM
 AVERAGE    72

..........................................................


THE BIRMINGHAM CLIMATE NORMALS FOR TODAY
                         NORMAL    RECORD    YEAR
 MAXIMUM TEMPERATURE (F)   77        89      1986
 MINIMUM TEMPERATURE (F)   54        34      1910


SUNRISE AND SUNSET
APRIL 26 2018.........SUNRISE   604 AM CDT   SUNSET   726 PM CDT
APRIL 27 2018.........SUNRISE   603 AM CDT   SUNSET   727 PM CDT


-  INDICATES NEGATIVE NUMBERS.
R  INDICATES RECORD WAS SET OR TIED.
MM INDICATES DATA IS MISSING.
T  INDICATES TRACE AMOUNT.




$$
