401
CDUS45 KVEF 250826
CLIBIH


CLIMATE REPORT
NATIONAL WEATHER SERVICE LAS VEGAS, NV
126 AM PDT WED APR 25 2018


...................................

...THE BISHOP CA CLIMATE SUMMARY FOR APRIL 24 2018...

CLIMATE NORMAL PERIOD 1981 TO 2010
CLIMATE RECORD PERIOD 1943 TO 2018


WEATHER ITEM   OBSERVED TIME   RECORD YEAR NORMAL DEPARTURE LAST
                VALUE   (LST)  VALUE       VALUE  FROM      YEAR
                                                  NORMAL
..................................................................
TEMPERATURE (F)
 YESTERDAY
  MAXIMUM         85    227 PM  87    1996  75     10       76
                                      1953
  MINIMUM         49    512 AM  27    1964  38     11       41
  AVERAGE         67                        57     10       59

PRECIPITATION (IN)
  YESTERDAY        0.00          0.06 1947   0.01  -0.01     0.00
  MONTH TO DATE    0.31                      0.23   0.08     0.92
  SINCE OCT 1      1.13                      4.28  -3.15     8.81
  SINCE JAN 1      0.97                      2.66  -1.69     8.45

SNOWFALL (IN)
  YESTERDAY        0.0           T    1971   0.0    0.0      0.0
  MONTH TO DATE    0.0                       0.1   -0.1      0.0
  SINCE MAR 1      0.0                       0.6   -0.6       T
  SINCE JUL 1      0.2                       8.0   -7.8      8.6
  SNOW DEPTH       0

DEGREE DAYS
 HEATING
  YESTERDAY        0                         9     -9        6
  MONTH TO DATE  162                       274   -112      238
  SINCE MAR 1    714                       790    -76      647
  SINCE JUL 1   3543                      3997   -454     3647

 COOLING
  YESTERDAY        2                         0      2        0
  MONTH TO DATE    6                         0      6        0
  SINCE MAR 1      6                         0      6        0
  SINCE JAN 1      6                         0      6        0
..................................................................


WIND (MPH)
  RESULTANT WIND SPEED   1   RESULTANT WIND DIRECTION   W (260)
  HIGHEST WIND SPEED    17   HIGHEST WIND DIRECTION    SE (140)
  HIGHEST GUST SPEED    23   HIGHEST GUST DIRECTION    SE (140)
  AVERAGE WIND SPEED     6.8


SKY COVER
  POSSIBLE SUNSHINE  MM
  AVERAGE SKY COVER 0.0


WEATHER CONDITIONS
 THE FOLLOWING WEATHER WAS RECORDED YESTERDAY.
  NO SIGNIFICANT WEATHER WAS OBSERVED.


RELATIVE HUMIDITY (PERCENT)
 HIGHEST    42           500 AM
 LOWEST      7           100 PM
 AVERAGE    25

..........................................................


THE BISHOP CA CLIMATE NORMALS FOR TODAY
                         NORMAL    RECORD    YEAR
 MAXIMUM TEMPERATURE (F)   75        87      1996
                                             1953
 MINIMUM TEMPERATURE (F)   39        24      1989


SUNRISE AND SUNSET
APRIL 25 2018.........SUNRISE   606 AM PDT   SUNSET   738 PM PDT
APRIL 26 2018.........SUNRISE   604 AM PDT   SUNSET   739 PM PDT


-  INDICATES NEGATIVE NUMBERS.
R  INDICATES RECORD WAS SET OR TIED.
MM INDICATES DATA IS MISSING.
T  INDICATES TRACE AMOUNT.




$$
