000
CDUS43 KBIS 250048
CLIBIS


CLIMATE REPORT
NATIONAL WEATHER SERVICE BISMARCK ND
748 PM CDT THU MAY 24 2018


...................................

...THE BISMARCK ND CLIMATE SUMMARY FOR MAY 24 2018...
VALID TODAY AS OF 0500 PM LOCAL TIME.

CLIMATE NORMAL PERIOD 1981 TO 2010
CLIMATE RECORD PERIOD 1875 TO 2018


WEATHER ITEM   OBSERVED TIME   RECORD YEAR NORMAL DEPARTURE LAST
                VALUE   (LST)  VALUE       VALUE  FROM      YEAR
                                                  NORMAL
..................................................................
TEMPERATURE (F)
 TODAY
  MAXIMUM         86    345 PM  96    1926  71     15       72
  MINIMUM         63    642 AM  24    2002  46     17       34
  AVERAGE         75                        58     17       53

PRECIPITATION (IN)
  TODAY            0.05          1.94 1978   0.09  -0.04     0.00
  MONTH TO DATE    1.15                      1.78  -0.63     0.24
  SINCE MAR 1      3.34                      3.91  -0.57     1.72
  SINCE JAN 1      4.09                      4.85  -0.76     3.12

SNOWFALL (IN)
  TODAY            0.0           T    2010
  MONTH TO DATE    T
  SINCE MAR 1     26.3
  SINCE JUL 1     44.1

DEGREE DAYS
 HEATING
  TODAY            0                         8     -8       12
  MONTH TO DATE  174                       264    -90      202
  SINCE MAR 1   2219                      1988    231     1832
  SINCE JUL 1   8535                      8419    116     7834

 COOLING
  TODAY           10                         1      9        0
  MONTH TO DATE   22                         6     16       14
  SINCE MAR 1     23                         7     16       14
  SINCE JAN 1     23                         7     16       14
..................................................................


WIND (MPH)
  RESULTANT WIND SPEED   8   RESULTANT WIND DIRECTION  SW (220)
  HIGHEST WIND SPEED    26   HIGHEST WIND DIRECTION    SE (130)
  HIGHEST GUST SPEED    35   HIGHEST GUST DIRECTION    SW (210)
  AVERAGE WIND SPEED     9.3


SKY COVER
  POSSIBLE SUNSHINE  MM
  AVERAGE SKY COVER 0.1


WEATHER CONDITIONS
 THE FOLLOWING WEATHER WAS RECORDED TODAY.
  THUNDERSTORM
  RAIN
  LIGHT RAIN


RELATIVE HUMIDITY (PERCENT)
 HIGHEST    93           100 AM
 LOWEST     34           200 PM
 AVERAGE    64

..........................................................


THE BISMARCK ND CLIMATE NORMALS FOR TOMORROW
                         NORMAL    RECORD    YEAR
 MAXIMUM TEMPERATURE (F)   71        96      1941
 MINIMUM TEMPERATURE (F)   46        26      1924


SUNRISE AND SUNSET
MAY 24 2018...........SUNRISE   559 AM CDT   SUNSET   922 PM CDT
MAY 25 2018...........SUNRISE   558 AM CDT   SUNSET   923 PM CDT


-  INDICATES NEGATIVE NUMBERS.
R  INDICATES RECORD WAS SET OR TIED.
MM INDICATES DATA IS MISSING.
T  INDICATES TRACE AMOUNT.




$$
