818
CDUS43 KGRR 201331
CLIBIV


CLIMATE REPORT
NATIONAL WEATHER SERVICE GRAND RAPIDS, MI
931 AM EDT FRI APR 20 2018


...................................

...THE HOLLAND/TULIP CITY MI CLIMATE SUMMARY FOR APRIL 20 2018...
VALID AS OF 0900 AM LOCAL TIME.

CLIMATE NORMAL PERIOD 1981 TO 2010
CLIMATE RECORD PERIOD 1996 TO 2018


WEATHER ITEM   OBSERVED TIME   NORMAL DEPARTURE LAST
                VALUE   (LST)  VALUE  FROM      YEAR
                                      NORMAL
......................................................
TEMPERATURE (F)
 TODAY
  MAXIMUM         41    759 AM  60    -19       72
  MINIMUM         27    627 AM  40    -13       49
  AVERAGE         34            50    -16       61

PRECIPITATION (IN)
  TODAY            0.00          0.12  -0.12     0.88
  MONTH TO DATE    2.75          1.94   0.81     4.19
  SINCE MAR 1      3.58          4.21  -0.63     7.30
  SINCE JAN 1      9.20          8.10   1.10    11.96

DEGREE DAYS
 HEATING
  TODAY           31            15     16        4
  MONTH TO DATE  597           373    224      290
  SINCE MAR 1   1528          1247    281     1173
  SINCE JUL 1   6035          5747    288     5035

 COOLING
  TODAY            0             0      0        0
  MONTH TO DATE    0             0      0        2
  SINCE MAR 1      0             0      0        2
  SINCE JAN 1      0             0      0        2
......................................................


WIND (MPH)
  RESULTANT WIND SPEED   1   RESULTANT WIND DIRECTION   W (260)
  HIGHEST WIND SPEED     5   HIGHEST WIND DIRECTION     W (260)
  HIGHEST GUST SPEED     6   HIGHEST GUST DIRECTION    SW (230)
  AVERAGE WIND SPEED     0.8


SKY COVER
  AVERAGE SKY COVER 0.0


WEATHER CONDITIONS
 THE FOLLOWING WEATHER WAS RECORDED TODAY.
  NO SIGNIFICANT WEATHER WAS OBSERVED.


RELATIVE HUMIDITY (PERCENT)
 HIGHEST    85           100 AM
 LOWEST     59           800 AM
 AVERAGE    72

..........................................................


THE HOLLAND/TULIP CITY MI CLIMATE NORMALS FOR TOMORROW
                         NORMAL
 MAXIMUM TEMPERATURE (F)   60
 MINIMUM TEMPERATURE (F)   41


SUNRISE AND SUNSET
APRIL 20 2018.........SUNRISE   655 AM EDT   SUNSET   833 PM EDT
APRIL 21 2018.........SUNRISE   654 AM EDT   SUNSET   834 PM EDT


-  INDICATES NEGATIVE NUMBERS.
R  INDICATES RECORD WAS SET OR TIED.
MM INDICATES DATA IS MISSING.
T  INDICATES TRACE AMOUNT.




$$
