000
CDUS46 KBOI 240935
CLIBKE


CLIMATE REPORT
NATIONAL WEATHER SERVICE BOISE ID
334 AM MDT THU MAY 24 2018


...................................

...THE BAKER OR CLIMATE SUMMARY FOR MAY 23 2018...

CLIMATE NORMAL PERIOD 1981 TO 2010
CLIMATE RECORD PERIOD 1928 TO 2018


WEATHER ITEM   OBSERVED TIME   RECORD YEAR NORMAL DEPARTURE LAST
                VALUE   (LST)  VALUE       VALUE  FROM      YEAR
                                                  NORMAL
..................................................................
TEMPERATURE (F)
 YESTERDAY
  MAXIMUM         77    452 PM  94    2001  68      9       85
  MINIMUM         50    250 AM  22    1966  38     12       40
  AVERAGE         64                        53     11       63

PRECIPITATION (IN)
  YESTERDAY        0.02          0.55 1956   0.05  -0.03     0.00
  MONTH TO DATE    0.68                      1.06  -0.38     0.33
  SINCE OCT 1      4.83                      6.62  -1.79     6.48
  SINCE JAN 1      3.57                      4.11  -0.54     3.74

DEGREE DAYS
 HEATING
  YESTERDAY        1                        12    -11        2
  MONTH TO DATE  158                       344   -186      365
  SINCE MAR 1   1483                      1837   -354     1785
  SINCE JUL 1   6242                      7357  -1115     7613

 COOLING
  YESTERDAY        0                         0      0        0
  MONTH TO DATE    0                         0      0        0
  SINCE MAR 1      0                         0      0        0
  SINCE JAN 1      0                         0      0        0
..................................................................


WIND (MPH)
  RESULTANT WIND SPEED   1   RESULTANT WIND DIRECTION   S (170)
  HIGHEST WIND SPEED    17   HIGHEST WIND DIRECTION     W (250)
  HIGHEST GUST SPEED    20   HIGHEST GUST DIRECTION     W (260)
  AVERAGE WIND SPEED     3.9


SKY COVER
  AVERAGE SKY COVER 0.5


WEATHER CONDITIONS
 THE FOLLOWING WEATHER WAS RECORDED YESTERDAY.
  THUNDERSTORM
  LIGHT RAIN


RELATIVE HUMIDITY (PERCENT)
 HIGHEST    89           200 AM
 LOWEST     33           500 PM
 AVERAGE    61

..........................................................


THE BAKER OR CLIMATE NORMALS FOR TODAY
                         NORMAL    RECORD    YEAR
 MAXIMUM TEMPERATURE (F)   68        91      2003
 MINIMUM TEMPERATURE (F)   38        28      2002
                                             1950


SUNRISE AND SUNSET
MAY 24 2018...........SUNRISE   514 AM PDT   SUNSET   823 PM PDT
MAY 25 2018...........SUNRISE   513 AM PDT   SUNSET   824 PM PDT


-  INDICATES NEGATIVE NUMBERS.
R  INDICATES RECORD WAS SET OR TIED.
MM INDICATES DATA IS MISSING.
T  INDICATES TRACE AMOUNT.




$$
