000
CDUS43 KIND 250531
CLIBMG


CLIMATE REPORT
NATIONAL WEATHER SERVICE INDIANAPOLIS IN
131 AM EDT FRI MAY 25 2018


...................................

...THE BLOOMINGTON IN CLIMATE SUMMARY FOR MAY 24 2018...

CLIMATE NORMAL PERIOD 1981 TO 2010
CLIMATE RECORD PERIOD 9999 TO 9999


WEATHER ITEM   OBSERVED TIME   NORMAL DEPARTURE LAST
                VALUE   (LST)  VALUE  FROM      YEAR
                                      NORMAL
......................................................
TEMPERATURE (F)
 YESTERDAY
  MAXIMUM         83    450 PM  76      7       62
  MINIMUM         58    608 AM  54      4       57
  AVERAGE         71            65      6       60

PRECIPITATION (IN)
  YESTERDAY        0.00          0.15  -0.15     0.30
  MONTH TO DATE    2.44          4.09  -1.65     6.08
  SINCE MAR 1     11.76         12.67  -0.91    16.64
  SINCE JAN 1     19.93         18.74   1.19    21.68

DEGREE DAYS
 HEATING
  YESTERDAY        0             3     -3        5
  MONTH TO DATE   10           121   -111      131
  SINCE MAR 1   1275          1167    108      925
  SINCE JUL 1   5128          5235   -107     4112

 COOLING
  YESTERDAY        6             3      3        0
  MONTH TO DATE  155            41    114       60
  SINCE MAR 1    162            60    102      105
  SINCE JAN 1    168            60    108      105
......................................................


WIND (MPH)
  HIGHEST WIND SPEED    13   HIGHEST WIND DIRECTION    SE (130)
  HIGHEST GUST SPEED    16   HIGHEST GUST DIRECTION     E (110)
  AVERAGE WIND SPEED     3.3


SKY COVER
  AVERAGE SKY COVER 0.0


WEATHER CONDITIONS
 THE FOLLOWING WEATHER WAS RECORDED YESTERDAY.
  NO SIGNIFICANT WEATHER WAS OBSERVED.


RELATIVE HUMIDITY (PERCENT)
 HIGHEST    93          1200 AM
 LOWEST     37           600 PM
 AVERAGE    65

..........................................................


THE BLOOMINGTON IN CLIMATE NORMALS FOR TODAY
                         NORMAL
 MAXIMUM TEMPERATURE (F)   77
 MINIMUM TEMPERATURE (F)   54


SUNRISE AND SUNSET
MAY 25 2018...........SUNRISE   626 AM EDT   SUNSET   901 PM EDT
MAY 26 2018...........SUNRISE   625 AM EDT   SUNSET   902 PM EDT


-  INDICATES NEGATIVE NUMBERS.
R  INDICATES RECORD WAS SET OR TIED.
MM INDICATES DATA IS MISSING.
T  INDICATES TRACE AMOUNT.




$$
