000
CDUS44 KLCH 270819
CLIBPT


CLIMATE REPORT
NATIONAL WEATHER SERVICE LAKE CHARLES, LA
318 AM CDT SUN MAY 27 2018


...................................

...THE BEAUMONT PORT ARTHUR CLIMATE SUMMARY FOR MAY 26 2018...

CLIMATE NORMAL PERIOD 1981 TO 2010
CLIMATE RECORD PERIOD 1901 TO 2018


WEATHER ITEM   OBSERVED TIME   RECORD YEAR NORMAL DEPARTURE LAST
                VALUE   (LST)  VALUE       VALUE  FROM      YEAR
                                                  NORMAL
..................................................................
TEMPERATURE (F)
 YESTERDAY
  MAXIMUM         93   1151 AM  98    2011  87      6       87
  MINIMUM         72    449 AM  57    1979  69      3       72
                                      1925
  AVERAGE         83                        78      5       80

PRECIPITATION (IN)
  YESTERDAY        0.07          3.64 1936   0.17  -0.10     0.00
  MONTH TO DATE    2.18                      4.35  -2.17     5.40
  SINCE MAR 1      6.99                     11.09  -4.10    15.96
  SINCE JAN 1     20.92                     19.93   0.99    18.01

SNOWFALL (IN)
  YESTERDAY        0.0           0.0    MM   0.0    0.0      0.0
  MONTH TO DATE    0.0                       0.0    0.0      0.0
  SINCE MAR 1      0.0                       0.0    0.0      0.0
  SINCE JUL 1      3.1                       T      3.1      0.0
  SNOW DEPTH       0

DEGREE DAYS
 HEATING
  YESTERDAY        0                         0      0        0
  MONTH TO DATE    0                         0      0        0
  SINCE MAR 1    138                       187    -49       59
  SINCE JUL 1   1253                      1400   -147      614

 COOLING
  YESTERDAY       18                        13      5       15
  MONTH TO DATE  372                       271    101      237
  SINCE MAR 1    563                       472     91      619
  SINCE JAN 1    668                       498    170      813
..................................................................


WIND (MPH)
  HIGHEST WIND SPEED    63   HIGHEST WIND DIRECTION    SE (150)
  HIGHEST GUST SPEED    65   HIGHEST GUST DIRECTION    SE (150)
  AVERAGE WIND SPEED     7.7


SKY COVER
  POSSIBLE SUNSHINE  MM
  AVERAGE SKY COVER 0.3


WEATHER CONDITIONS
 THE FOLLOWING WEATHER WAS RECORDED YESTERDAY.
  THUNDERSTORM
  LIGHT RAIN
  FOG


RELATIVE HUMIDITY (PERCENT)
 HIGHEST    94           900 PM
 LOWEST     52          1100 AM
 AVERAGE    73

..........................................................


THE BEAUMONT PORT ARTHUR CLIMATE NORMALS FOR TODAY
                         NORMAL    RECORD    YEAR
 MAXIMUM TEMPERATURE (F)   87       100      1905
 MINIMUM TEMPERATURE (F)   70        52      1961


SUNRISE AND SUNSET
MAY 27 2018...........SUNRISE   617 AM CDT   SUNSET   810 PM CDT
MAY 28 2018...........SUNRISE   617 AM CDT   SUNSET   810 PM CDT


-  INDICATES NEGATIVE NUMBERS.
R  INDICATES RECORD WAS SET OR TIED.
MM INDICATES DATA IS MISSING.
T  INDICATES TRACE AMOUNT.




$$
