000
CDUS43 KDVN 210911
CLIBRL


CLIMATE REPORT
NATIONAL WEATHER SERVICE QUAD CITIES IA IL
411 AM CDT SAT APR 21 2018


...................................

...THE BURLINGTON IA CLIMATE SUMMARY FOR APRIL 20 2018...

CLIMATE NORMAL PERIOD 1981 TO 2010
CLIMATE RECORD PERIOD 1897 TO 2018


WEATHER ITEM   OBSERVED TIME   RECORD YEAR NORMAL DEPARTURE LAST
                VALUE   (LST)  VALUE       VALUE  FROM      YEAR
                                                  NORMAL
..................................................................
TEMPERATURE (F)
 YESTERDAY
  MAXIMUM         61    410 PM  89    1987  67     -6       70
  MINIMUM         32    538 AM  28    1956  44    -12       51
                                      1953
  AVERAGE         47                        55     -8       61

PRECIPITATION (IN)
  YESTERDAY        0.00         MM      MM   0.14  -0.14     0.01
  MONTH TO DATE    0.59                      2.31  -1.72     3.08
  SINCE MAR 1      3.49                      5.10  -1.61     6.06
  SINCE JAN 1      7.58                      7.96  -0.38     7.92

DEGREE DAYS
 HEATING
  YESTERDAY       18                        10      8        4
  MONTH TO DATE  530                       270    260      167
  SINCE MAR 1   1350                       998    352      858
  SINCE JUL 1   5843                      5376    467     4552

 COOLING
  YESTERDAY        0                         1     -1        0
  MONTH TO DATE    0                        10    -10       19
  SINCE MAR 1      0                        12    -12       19
  SINCE JAN 1      0                        12    -12       19
..................................................................


WIND (MPH)
  HIGHEST WIND SPEED    14   HIGHEST WIND DIRECTION    SE (130)
  HIGHEST GUST SPEED    17   HIGHEST GUST DIRECTION    SE (130)
  AVERAGE WIND SPEED     6.2


SKY COVER
  POSSIBLE SUNSHINE  MM
  AVERAGE SKY COVER 0.0


WEATHER CONDITIONS
 THE FOLLOWING WEATHER WAS RECORDED YESTERDAY.
  NO SIGNIFICANT WEATHER WAS OBSERVED.


RELATIVE HUMIDITY (PERCENT)
 HIGHEST    69           500 AM
 LOWEST     19           300 PM
 AVERAGE    44

..........................................................


THE BURLINGTON IA CLIMATE NORMALS FOR TODAY
                         NORMAL    RECORD    YEAR
 MAXIMUM TEMPERATURE (F)   67        88      1902
 MINIMUM TEMPERATURE (F)   45        27      1986


SUNRISE AND SUNSET
APRIL 21 2018.........SUNRISE   617 AM CDT   SUNSET   750 PM CDT
APRIL 22 2018.........SUNRISE   615 AM CDT   SUNSET   751 PM CDT


-  INDICATES NEGATIVE NUMBERS.
R  INDICATES RECORD WAS SET OR TIED.
MM INDICATES DATA IS MISSING.
T  INDICATES TRACE AMOUNT.




$$
