000
CDUS43 KGRR 201327
CLIBTL


CLIMATE REPORT
NATIONAL WEATHER SERVICE GRAND RAPIDS, MI
927 AM EDT SUN MAY 20 2018


...................................

...THE BATTLE CREEK MI CLIMATE SUMMARY FOR MAY 20 2018...
VALID AS OF 0900 AM LOCAL TIME.

CLIMATE NORMAL PERIOD 1981 TO 2010
CLIMATE RECORD PERIOD 1998 TO 2018


WEATHER ITEM   OBSERVED TIME   NORMAL DEPARTURE LAST
                VALUE   (LST)  VALUE  FROM      YEAR
                                      NORMAL
......................................................
TEMPERATURE (F)
 TODAY
  MAXIMUM         59    759 AM  72    -13       61
  MINIMUM         56    603 AM  47      9       46
  AVERAGE         58            59     -1       54

PRECIPITATION (IN)
  TODAY            0.00          0.13  -0.13     0.64
  MONTH TO DATE    5.59          2.37   3.22     2.30
  SINCE MAR 1      9.73          7.08   2.65     9.43
  SINCE JAN 1     16.08         10.08   6.00    14.90

DEGREE DAYS
 HEATING
  TODAY            7             7      0       11
  MONTH TO DATE   74           185   -111      213
  SINCE MAR 1   1741          1609    132     1480
  SINCE JUL 1   6402          6574   -172     5383

 COOLING
  TODAY            0             1     -1        0
  MONTH TO DATE   26            14     12       23
  SINCE MAR 1     26            21      5       32
  SINCE JAN 1     26            21      5       32
......................................................


WIND (MPH)
  RESULTANT WIND SPEED   6   RESULTANT WIND DIRECTION   N (0)
  HIGHEST WIND SPEED    14   HIGHEST WIND DIRECTION    NW (310)
  HIGHEST GUST SPEED    18   HIGHEST GUST DIRECTION    NW (310)
  AVERAGE WIND SPEED     7.5


SKY COVER
  AVERAGE SKY COVER 0.9


WEATHER CONDITIONS
 THE FOLLOWING WEATHER WAS RECORDED TODAY.
  NO SIGNIFICANT WEATHER WAS OBSERVED.


RELATIVE HUMIDITY (PERCENT)
 HIGHEST    86          1200 AM
 LOWEST     80           600 AM
 AVERAGE    83

..........................................................


THE BATTLE CREEK MI CLIMATE NORMALS FOR TOMORROW
                         NORMAL
 MAXIMUM TEMPERATURE (F)   72
 MINIMUM TEMPERATURE (F)   47


SUNRISE AND SUNSET
MAY 20 2018...........SUNRISE   615 AM EDT   SUNSET   901 PM EDT
MAY 21 2018...........SUNRISE   614 AM EDT   SUNSET   901 PM EDT


-  INDICATES NEGATIVE NUMBERS.
R  INDICATES RECORD WAS SET OR TIED.
MM INDICATES DATA IS MISSING.
T  INDICATES TRACE AMOUNT.




$$
