000
CDUS46 KLOX 240915
CLIBUR


CLIMATE REPORT
NATIONAL WEATHER SERVICE LOS ANGELES/OXNARD CA
215 AM PDT TUE APR 24 2018


...................................

...THE BOB HOPE AIRPORT (BURBANK) CA CLIMATE SUMMARY FOR APRIL 23 2018...

CLIMATE NORMAL PERIOD 1981 TO 2010
CLIMATE RECORD PERIOD 1939 TO 2018


WEATHER ITEM   OBSERVED TIME   RECORD YEAR NORMAL DEPARTURE LAST
                VALUE   (LST)  VALUE       VALUE  FROM      YEAR
                                                  NORMAL
..................................................................
TEMPERATURE (F)
 YESTERDAY
  MAXIMUM         81    227 PM  94    1946  74      7       79
  MINIMUM         57    554 AM  38    1978  51      6       59
  AVERAGE         69                        63      6       69

PRECIPITATION (IN)
  YESTERDAY        0.00          0.35 1988   0.03  -0.03     0.00
  MONTH TO DATE    T                         0.92  -0.92     0.09
  SINCE OCT 1      6.23                     16.34 -10.11    13.70
  SINCE JAN 1      6.15                     11.90  -5.75     9.44

SNOWFALL (IN)
  YESTERDAY        0.0
  MONTH TO DATE    0.0
  SINCE MAR 1      0.0
  SINCE JUL 1      0.0

DEGREE DAYS
 HEATING
  YESTERDAY        0                         4     -4        0
  MONTH TO DATE   47                       115    -68       37
  SINCE MAR 1    245                       333    -88      125
  SINCE JUL 1    751                      1474   -723     1118

 COOLING
  YESTERDAY        4                         2      2        4
  MONTH TO DATE   52                        25     27       41
  SINCE MAR 1     59                        35     24      107
  SINCE JAN 1     93                        41     52      108
..................................................................


WIND (MPH)
  HIGHEST WIND SPEED    14   HIGHEST WIND DIRECTION     S (180)
  HIGHEST GUST SPEED    21   HIGHEST GUST DIRECTION     E (100)
  AVERAGE WIND SPEED     6.3


SKY COVER
  POSSIBLE SUNSHINE  MM
  AVERAGE SKY COVER 0.0


WEATHER CONDITIONS
 THE FOLLOWING WEATHER WAS RECORDED YESTERDAY.
  FOG
  HAZE


RELATIVE HUMIDITY (PERCENT)
 HIGHEST    93           400 AM
 LOWEST     24           500 PM
 AVERAGE    59

..........................................................


THE BOB HOPE AIRPORT (BURBANK) CA CLIMATE NORMALS FOR TODAY
                         NORMAL    RECORD    YEAR
 MAXIMUM TEMPERATURE (F)   74        93      1965
 MINIMUM TEMPERATURE (F)   51        39      1978


SUNRISE AND SUNSET
APRIL 24 2018.........SUNRISE   611 AM PDT   SUNSET   732 PM PDT
APRIL 25 2018.........SUNRISE   610 AM PDT   SUNSET   733 PM PDT


-  INDICATES NEGATIVE NUMBERS.
R  INDICATES RECORD WAS SET OR TIED.
MM INDICATES DATA IS MISSING.
T  INDICATES TRACE AMOUNT.




$$
