000
CDUS45 KPIH 242328
CLIBYI


CLIMATE REPORT
NATIONAL WEATHER SERVICE POCATELLO ID
525 PM MDT TUE APR 24 2018


...................................

...THE BURLEY ID CLIMATE SUMMARY FOR APRIL 24 2018...
VALID TODAY AS OF 0500 PM LOCAL TIME.

CLIMATE NORMAL PERIOD 1981 TO 2010
CLIMATE RECORD PERIOD 1948 TO 2018


WEATHER ITEM   OBSERVED TIME   RECORD YEAR NORMAL DEPARTURE LAST
                VALUE   (LST)  VALUE       VALUE  FROM      YEAR
                                                  NORMAL
..................................................................
TEMPERATURE (F)
 TODAY
  MAXIMUM         63    352 PM  85    1977  61      2       50
  MINIMUM         36    558 AM  15    1950  35      1       41
  AVERAGE         50                        48      2       46

PRECIPITATION (IN)
  TODAY            0.00          0.34 2017   0.04  -0.04     0.34
  MONTH TO DATE    0.54                      0.81  -0.27     1.62
  SINCE OCT 1      5.49                      6.35  -0.86    10.94
  SINCE JAN 1      3.87                      3.52   0.35     6.15

SNOWFALL (IN)
  TODAY           MM
  MONTH TO DATE   MM
  SINCE MAR 1     MM
  SINCE JUL 1     MM
  SNOW DEPTH      MM

DEGREE DAYS
 HEATING
  TODAY           15                        17     -2       19
  MONTH TO DATE  410                       472    -62      449
  SINCE MAR 1   1206                      1269    -63     1029
  SINCE JUL 1   5557                      6291   -734     5835

 COOLING
  TODAY            0                         0      0        0
  MONTH TO DATE    0                         0      0        0
  SINCE MAR 1      0                         0      0        0
  SINCE JAN 1      0                         0      0        0
..................................................................


WIND (MPH)
  HIGHEST WIND SPEED    21   HIGHEST WIND DIRECTION    NE (40)
  HIGHEST GUST SPEED    29   HIGHEST GUST DIRECTION    NE (50)
  AVERAGE WIND SPEED    10.6


SKY COVER
  POSSIBLE SUNSHINE  MM
  AVERAGE SKY COVER 0.1


WEATHER CONDITIONS
 THE FOLLOWING WEATHER WAS RECORDED TODAY.
  NO SIGNIFICANT WEATHER WAS OBSERVED.


RELATIVE HUMIDITY (PERCENT)
 HIGHEST    79          1200 AM
 LOWEST     27           300 PM
 AVERAGE    53

..........................................................


THE BURLEY ID CLIMATE NORMALS FOR TOMORROW
                         NORMAL    RECORD    YEAR
 MAXIMUM TEMPERATURE (F)   61        85      1977
 MINIMUM TEMPERATURE (F)   36        26      2009


SUNRISE AND SUNSET
APRIL 24 2018.........SUNRISE   640 AM MDT   SUNSET   827 PM MDT
APRIL 25 2018.........SUNRISE   638 AM MDT   SUNSET   828 PM MDT


-  INDICATES NEGATIVE NUMBERS.
R  INDICATES RECORD WAS SET OR TIED.
MM INDICATES DATA IS MISSING.
T  INDICATES TRACE AMOUNT.




$$
