000
CDUS45 KTFX 250911
CLIBZN


CLIMATE REPORT
NATIONAL WEATHER SERVICE GREAT FALLS MT
308 AM MDT WED APR 25 2018


...................................

...THE BOZEMAN/GALLATIN FIELD MT CLIMATE SUMMARY FOR APRIL 24 2018...

CLIMATE NORMAL PERIOD 1981 TO 2010
CLIMATE RECORD PERIOD 1935 TO 2018


WEATHER ITEM   OBSERVED TIME   RECORD YEAR NORMAL DEPARTURE LAST
                VALUE   (LST)  VALUE       VALUE  FROM      YEAR
                                                  NORMAL
..................................................................
TEMPERATURE (F)
 YESTERDAY
  MAXIMUM         56    554 PM  81    1962  62     -6       54
  MINIMUM         26    601 AM  17    2002  33     -7       37
  AVERAGE         41                        47     -6       46

PRECIPITATION (IN)
  YESTERDAY        0.00          0.64 1940   0.05  -0.05     0.04
  MONTH TO DATE    3.10                      1.23   1.87     1.55
  SINCE OCT 1      8.79                      5.46   3.33     6.73
  SINCE JAN 1      5.81                      3.08   2.73     3.40

SNOWFALL (IN)
  YESTERDAY        0.0           2.8  1960   0.2   -0.2      0.0
  MONTH TO DATE    8.7                       6.5    2.2      2.5
  SINCE MAR 1     15.3                      14.2    1.1      4.3
  SINCE JUL 1     67.6                      36.5   31.1     43.5
  SNOW DEPTH       0

DEGREE DAYS
 HEATING
  YESTERDAY       24                        18      6       19
  MONTH TO DATE  639                       498    141      523
  SINCE MAR 1   1683                      1382    301     1237
  SINCE JUL 1   8003                      6962   1041     7430

 COOLING
  YESTERDAY        0                         0      0        0
  MONTH TO DATE    0                         0      0        0
  SINCE MAR 1      0                         0      0        0
  SINCE JAN 1      0                         0      0        0
..................................................................


WIND (MPH)
  HIGHEST WIND SPEED    10   HIGHEST WIND DIRECTION    SE (150)
  HIGHEST GUST SPEED    13   HIGHEST GUST DIRECTION     S (160)
  AVERAGE WIND SPEED     2.9


SKY COVER
  AVERAGE SKY COVER 0.0


WEATHER CONDITIONS
 THE FOLLOWING WEATHER WAS RECORDED YESTERDAY.
  NO SIGNIFICANT WEATHER WAS OBSERVED.


RELATIVE HUMIDITY (PERCENT)
 HIGHEST    92
 LOWEST     38
 AVERAGE    65

..........................................................


THE BOZEMAN/GALLATIN FIELD MT CLIMATE NORMALS FOR TODAY
                         NORMAL    RECORD    YEAR
 MAXIMUM TEMPERATURE (F)   62        83      1946
 MINIMUM TEMPERATURE (F)   33        16      2002


SUNRISE AND SUNSET
APRIL 25 2018.........SUNRISE   621 AM MDT   SUNSET   824 PM MDT
APRIL 26 2018.........SUNRISE   620 AM MDT   SUNSET   826 PM MDT


-  INDICATES NEGATIVE NUMBERS.
R  INDICATES RECORD WAS SET OR TIED.
MM INDICATES DATA IS MISSING.
T  INDICATES TRACE AMOUNT.




$$
