000
CDUS42 KCAE 230723
CLICAE


CLIMATE REPORT
NATIONAL WEATHER SERVICE COLUMBIA SC
323 AM EDT MON APR 23 2018


...................................

...THE COLUMBIA METRO AIRPORT SC CLIMATE SUMMARY FOR APRIL 22 2018...

CLIMATE NORMAL PERIOD 1981 TO 2010
CLIMATE RECORD PERIOD 1887 TO 2018


WEATHER ITEM   OBSERVED TIME   RECORD YEAR NORMAL DEPARTURE LAST
                VALUE   (LST)  VALUE       VALUE  FROM      YEAR
                                                  NORMAL
..................................................................
TEMPERATURE (F)
 YESTERDAY
  MAXIMUM         74   1219 PM  93    1970  78     -4       88
  MINIMUM         55    533 AM  31    1978  52      3       66
  AVERAGE         65                        65      0       77

PRECIPITATION (IN)
  YESTERDAY        0.05          1.76 2012   0.09  -0.04     0.00
  MONTH TO DATE    1.17                      1.93  -0.76     3.61
  SINCE MAR 1      4.14                      5.66  -1.52     5.99
  SINCE JAN 1      8.17                     12.85  -4.68    14.63

SNOWFALL (IN)
  YESTERDAY        0.0          MM      MM   0.0             0.0
  MONTH TO DATE    0.0                       0.0             0.0
  SINCE MAR 1      0.0                       0.1              T
  SINCE JUL 1      T                         1.5             0.1

DEGREE DAYS
 HEATING
  YESTERDAY        0                         3     -3        0
  MONTH TO DATE  107                       103      4       34
  SINCE MAR 1    446                       413     33      308
  SINCE JUL 1   2170                      2512   -342     1649

 COOLING
  YESTERDAY        0                         3     -3       12
  MONTH TO DATE   36                        45     -9      110
  SINCE MAR 1     48                        63    -15      159
  SINCE JAN 1    108                        67     41      177
..................................................................


WIND (MPH)
  HIGHEST WIND SPEED    18   HIGHEST WIND DIRECTION    SE (120)
  HIGHEST GUST SPEED    21   HIGHEST GUST DIRECTION    SE (120)
  AVERAGE WIND SPEED     8.6


SKY COVER
  AVERAGE SKY COVER 0.9


WEATHER CONDITIONS
 THE FOLLOWING WEATHER WAS RECORDED YESTERDAY.
  LIGHT RAIN
  HAZE


RELATIVE HUMIDITY (PERCENT)
 HIGHEST    97           900 PM
 LOWEST     47          1100 AM
 AVERAGE    72

..........................................................


THE COLUMBIA METRO AIRPORT SC CLIMATE NORMALS FOR TODAY
                         NORMAL    RECORD    YEAR
 MAXIMUM TEMPERATURE (F)   78        94      1970
 MINIMUM TEMPERATURE (F)   52        32      1993


SUNRISE AND SUNSET
APRIL 23 2018.........SUNRISE   644 AM EDT   SUNSET   802 PM EDT
APRIL 24 2018.........SUNRISE   643 AM EDT   SUNSET   803 PM EDT


-  INDICATES NEGATIVE NUMBERS.
R  INDICATES RECORD WAS SET OR TIED.
MM INDICATES DATA IS MISSING.
T  INDICATES TRACE AMOUNT.




$$
