032
CDUS45 KSLC 260031
CLICDC


CLIMATE REPORT
NATIONAL WEATHER SERVICE SALT LAKE CITY UT
629 PM MDT WED APR 25 2018


...................................

...THE CEDAR CITY UT CLIMATE SUMMARY FOR APRIL 25 2018...
VALID TODAY AS OF 0500 PM LOCAL TIME.

CLIMATE NORMAL PERIOD 1981 TO 2010
CLIMATE RECORD PERIOD 1928 TO 2018


WEATHER ITEM   OBSERVED TIME   RECORD YEAR NORMAL DEPARTURE LAST
                VALUE   (LST)  VALUE       VALUE  FROM      YEAR
                                                  NORMAL
..................................................................
TEMPERATURE (F)
 TODAY
  MAXIMUM         77R   311 PM  77    1953  64     13       53
  MINIMUM         37    554 AM  18    2008  34      3       31
  AVERAGE         57                        49      8       42

PRECIPITATION (IN)
  TODAY            0.00          0.28 1985   0.03  -0.03     0.06
  MONTH TO DATE    0.77                      0.91  -0.14     0.86
  SINCE OCT 1      4.35                      7.23  -2.88     7.43
  SINCE JAN 1      3.80                      4.12  -0.32     4.60

DEGREE DAYS
 HEATING
  TODAY            8                        16     -8       23
  MONTH TO DATE  368                       479   -111      434
  SINCE MAR 1   1082                      1251   -169     1025
  SINCE JUL 1   5065                      5813   -748     5046

 COOLING
  TODAY            0                         0      0        0
  MONTH TO DATE    0                         0      0        0
  SINCE MAR 1      0                         0      0        0
  SINCE JAN 1      0                         0      0        0
..................................................................


WIND (MPH)
  RESULTANT WIND SPEED   1   RESULTANT WIND DIRECTION   E (100)
  HIGHEST WIND SPEED    13   HIGHEST WIND DIRECTION    NW (320)
  HIGHEST GUST SPEED    18   HIGHEST GUST DIRECTION    NW (310)
  AVERAGE WIND SPEED     2.0



WEATHER CONDITIONS
 THE FOLLOWING WEATHER WAS RECORDED TODAY.
  NO SIGNIFICANT WEATHER WAS OBSERVED.


RELATIVE HUMIDITY (PERCENT)
 HIGHEST    64           600 AM
 LOWEST     13           400 PM
 AVERAGE    39

..........................................................


THE CEDAR CITY UT CLIMATE NORMALS FOR TOMORROW
                         NORMAL    RECORD    YEAR
 MAXIMUM TEMPERATURE (F)   65        80      2000
 MINIMUM TEMPERATURE (F)   34        20      1984


SUNRISE AND SUNSET
APRIL 25 2018.........SUNRISE   644 AM MDT   SUNSET   817 PM MDT
APRIL 26 2018.........SUNRISE   643 AM MDT   SUNSET   818 PM MDT


-  INDICATES NEGATIVE NUMBERS.
R  INDICATES RECORD WAS SET OR TIED.
MM INDICATES DATA IS MISSING.
T  INDICATES TRACE AMOUNT.




$$
