280
CDUS41 KILN 220537
CLICMH


CLIMATE REPORT
NATIONAL WEATHER SERVICE WILMINGTON OH
137 AM EDT SUN APR 22 2018


...................................

...THE COLUMBUS OH CLIMATE SUMMARY FOR APRIL 21 2018...

CLIMATE NORMAL PERIOD 1981 TO 2010
CLIMATE RECORD PERIOD 1869 TO 2018


WEATHER ITEM   OBSERVED TIME   RECORD YEAR NORMAL DEPARTURE LAST
                VALUE   (LST)  VALUE       VALUE  FROM      YEAR
                                                  NORMAL
..................................................................
TEMPERATURE (F)
 YESTERDAY
  MAXIMUM         60    319 PM  86    1987  66     -6       68
                                      1985
  MINIMUM         30    542 AM  22    1953  44    -14       50
  AVERAGE         45                        55    -10       59

PRECIPITATION (IN)
  YESTERDAY        0.00          1.15 1928   0.12  -0.12     0.01
  MONTH TO DATE    4.82                      2.38   2.44     1.47
  SINCE MAR 1      7.78                      5.40   2.38     6.86
  SINCE JAN 1     15.42                     10.38   5.04    12.32

SNOWFALL (IN)
  YESTERDAY        0.0           2.0  1901   0.0    0.0      0.0
  MONTH TO DATE    2.9                       1.0    1.9       T
  SINCE MAR 1      6.1                       5.2    0.9      1.7
  SINCE JUL 1     30.7                      26.6    4.1      9.3
  SNOW DEPTH       0

DEGREE DAYS
 HEATING
  YESTERDAY       20                        11      9        6
  MONTH TO DATE  421                       290    131      155
  SINCE MAR 1   1234                      1006    228      828
  SINCE JUL 1   5081                      5001     80     4097

 COOLING
  YESTERDAY        0                         1     -1        0
  MONTH TO DATE    9                         3      6       29
  SINCE MAR 1      9                         3      6       31
  SINCE JAN 1     13                         3     10       35
..................................................................


WIND (MPH)
  RESULTANT WIND SPEED   4   RESULTANT WIND DIRECTION  NE (50)
  HIGHEST WIND SPEED    12   HIGHEST WIND DIRECTION     N (10)
  HIGHEST GUST SPEED    14   HIGHEST GUST DIRECTION    NE (30)
  AVERAGE WIND SPEED     4.7


SKY COVER
  POSSIBLE SUNSHINE  MM
  AVERAGE SKY COVER 0.6


WEATHER CONDITIONS
 THE FOLLOWING WEATHER WAS RECORDED YESTERDAY.
  NO SIGNIFICANT WEATHER WAS OBSERVED.


RELATIVE HUMIDITY (PERCENT)
 HIGHEST    78           500 AM
 LOWEST     18           200 PM
 AVERAGE    48

..........................................................


THE COLUMBUS OH CLIMATE NORMALS FOR TODAY
                         NORMAL    RECORD    YEAR
 MAXIMUM TEMPERATURE (F)   66        87      1985
 MINIMUM TEMPERATURE (F)   45        27      1978


SUNRISE AND SUNSET
APRIL 22 2018.........SUNRISE   644 AM EDT   SUNSET   817 PM EDT
APRIL 23 2018.........SUNRISE   642 AM EDT   SUNSET   818 PM EDT


-  INDICATES NEGATIVE NUMBERS.
R  INDICATES RECORD WAS SET OR TIED.
MM INDICATES DATA IS MISSING.
T  INDICATES TRACE AMOUNT.




$$
