226
CDUS43 KICT 260624
CLICNU

CLIMATE REPORT
NATIONAL WEATHER SERVICE WICHITA KS
123 AM CDT THU APR 26 2018


...................................

...THE CHANUTE KS CLIMATE SUMMARY FOR APRIL 25 2018...

CLIMATE NORMAL PERIOD 1981 TO 2010
CLIMATE RECORD PERIOD 1894 TO 2018


WEATHER ITEM   OBSERVED TIME   RECORD YEAR NORMAL DEPARTURE LAST
                VALUE   (LST)  VALUE       VALUE  FROM      YEAR
                                                  NORMAL
..................................................................
TEMPERATURE (F)
 YESTERDAY
  MAXIMUM         56   1226 AM  91    1901  71    -15       76
  MINIMUM         49   1046 PM  33    2013  49      0       53
  AVERAGE         53                        60     -7       65

PRECIPITATION (IN)
  YESTERDAY        0.38          1.33 1948   0.17   0.21     0.42
  MONTH TO DATE    1.13                      3.55  -2.42     6.91
  SINCE MAR 1      2.59                      6.59  -4.00     8.93
  SINCE JAN 1      5.20                      9.75  -4.55    11.08

DEGREE DAYS
 HEATING
  YESTERDAY       12                         6      6        0
  MONTH TO DATE  404                       243    161      146
  SINCE MAR 1    924                       802    122      556
  SINCE JUL 1   4270                      4374   -104     3324

 COOLING
  YESTERDAY        0                         1     -1        0
  MONTH TO DATE    5                        21    -16       38
  SINCE MAR 1      5                        25    -20       55
  SINCE JAN 1      5                        25    -20       58
..................................................................


WIND (MPH)
  HIGHEST WIND SPEED    20   HIGHEST WIND DIRECTION     N (340)
  HIGHEST GUST SPEED    28   HIGHEST GUST DIRECTION     N (340)
  AVERAGE WIND SPEED     8.9


SKY COVER
  POSSIBLE SUNSHINE  MM
  AVERAGE SKY COVER 0.9


WEATHER CONDITIONS
 THE FOLLOWING WEATHER WAS RECORDED YESTERDAY.
  RAIN
  LIGHT RAIN
  FOG


RELATIVE HUMIDITY (PERCENT)
 HIGHEST   100           700 AM
 LOWEST     77          1200 AM
 AVERAGE    89

..........................................................


THE CHANUTE KS CLIMATE NORMALS FOR TODAY
                         NORMAL    RECORD    YEAR
 MAXIMUM TEMPERATURE (F)   71        91      1901
 MINIMUM TEMPERATURE (F)   49        32      1910


SUNRISE AND SUNSET
APRIL 26 2018.........SUNRISE   632 AM CDT   SUNSET   808 PM CDT
APRIL 27 2018.........SUNRISE   631 AM CDT   SUNSET   809 PM CDT


-  INDICATES NEGATIVE NUMBERS.
R  INDICATES RECORD WAS SET OR TIED.
MM INDICATES DATA IS MISSING.
T  INDICATES TRACE AMOUNT.




$$
