000
CDUS43 KLSX 262246
CLICOU


CLIMATE REPORT
NATIONAL WEATHER SERVICE ST LOUIS MO
545 PM CDT THU APR 26 2018


...................................

...THE COLUMBIA ASOS CLIMATE SUMMARY FOR APRIL 26 2018...
VALID TODAY AS OF 0500 PM LOCAL TIME.

CLIMATE NORMAL PERIOD 1981 TO 2010
CLIMATE RECORD PERIOD 1890 TO 2018


WEATHER ITEM   OBSERVED TIME   RECORD YEAR NORMAL DEPARTURE LAST
                VALUE   (LST)  VALUE       VALUE  FROM      YEAR
                                                  NORMAL
..................................................................
TEMPERATURE (F)
 TODAY
  MAXIMUM         70    359 PM  89    1989  69      1       66
  MINIMUM         46    539 AM  30    1903  48     -2       45
  AVERAGE         58                        58      0       56

PRECIPITATION (IN)
  TODAY            0.00          1.66 1944   0.17  -0.17     1.24
  MONTH TO DATE    0.45                      3.81  -3.36     3.00
  SINCE MAR 1      3.79                      6.72  -2.93     6.21
  SINCE JAN 1      9.00                     10.89  -1.89     7.43

SNOWFALL (IN)
  TODAY            0.0           0.0  2015   0.0    0.0      0.0
  MONTH TO DATE    0.6                       0.2    0.4      0.0
  SINCE MAR 1      0.9                       1.9   -1.0       T
  SINCE JUL 1      4.1                      18.0  -13.9      1.6
  SNOW DEPTH       0

DEGREE DAYS
 HEATING
  TODAY            7                         8     -1        9
  MONTH TO DATE  446                       292    154      150
  SINCE MAR 1   1107                       928    179      649
  SINCE JUL 1   4746                      4874   -128     3690

 COOLING
  TODAY            0                         1     -1        0
  MONTH TO DATE   12                        19     -7       38
  SINCE MAR 1     12                        22    -10       42
  SINCE JAN 1     12                        22    -10       46
..................................................................


WIND (MPH)
  HIGHEST WIND SPEED    14   HIGHEST WIND DIRECTION     W (270)
  HIGHEST GUST SPEED    20   HIGHEST GUST DIRECTION     W (280)
  AVERAGE WIND SPEED     7.0


SKY COVER
  AVERAGE SKY COVER 0.6



RELATIVE HUMIDITY (PERCENT)
 HIGHEST   100           100 AM
 LOWEST     33           300 PM
 AVERAGE    67

..........................................................


THE COLUMBIA ASOS CLIMATE NORMALS FOR TOMORROW
                         NORMAL    RECORD    YEAR
 MAXIMUM TEMPERATURE (F)   70        90      1956
                                             1896
 MINIMUM TEMPERATURE (F)   48        30      1967


SUNRISE AND SUNSET
APRIL 26 2018.........SUNRISE   617 AM CDT   SUNSET   757 PM CDT
APRIL 27 2018.........SUNRISE   616 AM CDT   SUNSET   757 PM CDT


-  INDICATES NEGATIVE NUMBERS.
R  INDICATES RECORD WAS SET OR TIED.
MM INDICATES DATA IS MISSING.
T  INDICATES TRACE AMOUNT.




$$
