000
CDUS45 KRIW 270028
CLICPR


CLIMATE REPORT
NATIONAL WEATHER SERVICE RIVERTON WY
628 PM MDT THU APR 26 2018


...................................

...THE CASPER WY CLIMATE SUMMARY FOR APRIL 26 2018...
VALID TODAY AS OF 0500 PM LOCAL TIME.

CLIMATE NORMAL PERIOD 1981 TO 2010
CLIMATE RECORD PERIOD 1939 TO 2018


WEATHER ITEM   OBSERVED TIME   RECORD YEAR NORMAL DEPARTURE LAST
                VALUE   (LST)  VALUE       VALUE  FROM      YEAR
                                                  NORMAL
..................................................................
TEMPERATURE (F)
 TODAY
  MAXIMUM         62        MM  80    2012  60      2       55
                                      1981
                                      1946
  MINIMUM         33        MM  17    2010  31      2       24
                                      1988
  AVERAGE         48                        46      2       40

PRECIPITATION (IN)
  TODAY            T             1.18 2016   0.06  -0.06     0.05
  MONTH TO DATE    0.63                      1.07  -0.44     1.79
  SINCE MAR 1      1.63                      1.89  -0.26     3.58
  SINCE JAN 1      2.93                      2.97  -0.04     4.93

SNOWFALL (IN)
  TODAY           MM                         0.3   MM        0.0
  MONTH TO DATE    5.7                      10.4   -4.7      3.2
  SINCE MAR 1     12.2                      21.3   -9.1     11.0
  SINCE JUL 1     71.7                      70.7    1.0     64.5
  SNOW DEPTH       0

DEGREE DAYS
 HEATING
  TODAY           17                        19     -2       25
  MONTH TO DATE  633                       595     38      540
  SINCE MAR 1   1540                      1520     20     1252
  SINCE JUL 1   7004                      6968     36     6442

 COOLING
  TODAY            0                         0      0        0
  MONTH TO DATE    0                         0      0        0
  SINCE MAR 1      0                         0      0        0
  SINCE JAN 1      0                         0      0        0
..................................................................


WIND (MPH)
  HIGHEST WIND SPEED    13   HIGHEST WIND DIRECTION    NE (30)
  HIGHEST GUST SPEED    MM   HIGHEST GUST DIRECTION    MM
  AVERAGE WIND SPEED     5.8


SKY COVER
  POSSIBLE SUNSHINE  MM
  AVERAGE SKY COVER 0.4


WEATHER CONDITIONS
 THE FOLLOWING WEATHER WAS RECORDED TODAY.
  LIGHT RAIN


RELATIVE HUMIDITY (PERCENT)
 HIGHEST    92           600 AM
 LOWEST     25           300 PM
 AVERAGE    59

..........................................................


THE CASPER WY CLIMATE NORMALS FOR TOMORROW
                         NORMAL    RECORD    YEAR
 MAXIMUM TEMPERATURE (F)   60        81      1992
                                             1952
 MINIMUM TEMPERATURE (F)   31        15      1984


SUNRISE AND SUNSET
APRIL 26 2018.........SUNRISE   607 AM MDT   SUNSET   801 PM MDT
APRIL 27 2018.........SUNRISE   605 AM MDT   SUNSET   802 PM MDT


-  INDICATES NEGATIVE NUMBERS.
R  INDICATES RECORD WAS SET OR TIED.
MM INDICATES DATA IS MISSING.
T  INDICATES TRACE AMOUNT.




$$
