528
CDUS42 KFFC 210032
CLICSG


CLIMATE REPORT
NATIONAL WEATHER SERVICE PEACHTREE CITY GA
832 PM EDT SUN MAY 20 2018


...................................

...THE COLUMBUS CLIMATE SUMMARY FOR MAY 20 2018...
VALID AS OF 0800 PM LOCAL TIME.

CLIMATE NORMAL PERIOD 1981 TO 2010
CLIMATE RECORD PERIOD 1948 TO 2018


WEATHER ITEM   OBSERVED TIME   RECORD YEAR NORMAL DEPARTURE LAST
                VALUE   (LST)  VALUE       VALUE  FROM      YEAR
                                                  NORMAL
..................................................................
TEMPERATURE (F)
 TODAY
  MAXIMUM         88    117 PM  98    1944  85      3       88
  MINIMUM         69    607 AM  46    1976  63      6       71
  AVERAGE         79                        74      5       80

PRECIPITATION (IN)
  TODAY            0.00          2.50 1946   0.10  -0.10     1.13
  MONTH TO DATE    1.34                      2.04  -0.70     3.29
  SINCE MAR 1      9.51                     11.05  -1.54     9.23
  SINCE JAN 1     14.67                     19.34  -4.67    23.49

DEGREE DAYS
 COOLING
  TODAY           14                         9      5       15
  MONTH TO DATE  232                       136     96      163
  SINCE MAR 1    294                       236     58      418
  SINCE JAN 1    366                       240    126      435
..................................................................


WIND (MPH)
  HIGHEST WIND SPEED    16   HIGHEST WIND DIRECTION    SE (140)
  HIGHEST GUST SPEED    21   HIGHEST GUST DIRECTION    SE (140)
  AVERAGE WIND SPEED     3.7


SKY COVER
  AVERAGE SKY COVER 0.0


WEATHER CONDITIONS
 THE FOLLOWING WEATHER WAS RECORDED TODAY.
  THUNDERSTORM


RELATIVE HUMIDITY (PERCENT)
 HIGHEST    90           200 AM
 LOWEST     55           200 PM

..........................................................


THE COLUMBUS CLIMATE NORMALS FOR TOMORROW
                         NORMAL    RECORD
 MAXIMUM TEMPERATURE (F)   85        98
 MINIMUM TEMPERATURE (F)   64        48


SUNRISE AND SUNSET
MAY 20 2018...........SUNRISE   638 AM EDT   SUNSET   835 PM EDT
MAY 21 2018...........SUNRISE   638 AM EDT   SUNSET   835 PM EDT


-  INDICATES NEGATIVE NUMBERS.
R  INDICATES RECORD WAS SET OR TIED.
MM INDICATES DATA IS MISSING.
T  INDICATES TRACE AMOUNT.




$$
