000
CDUS45 KTFX 220845
CLICTB


CLIMATE REPORT
NATIONAL WEATHER SERVICE GREAT FALLS MT
244 AM MDT SUN APR 22 2018


...................................

...THE CUT BANK MT CLIMATE SUMMARY FOR APRIL 21 2018...

CLIMATE NORMAL PERIOD 1981 TO 2010
CLIMATE RECORD PERIOD 1903 TO 2018


WEATHER ITEM   OBSERVED TIME   RECORD YEAR NORMAL DEPARTURE LAST
                VALUE   (LST)  VALUE       VALUE  FROM      YEAR
                                                  NORMAL
..................................................................
TEMPERATURE (F)
 YESTERDAY
  MAXIMUM         57   1245 PM  78    1911  55      2       43
  MINIMUM         37    231 AM   2    1951  30      7       32
  AVERAGE         47                        42      5       38

PRECIPITATION (IN)
  YESTERDAY        0.00          0.48 2017   0.03  -0.03     0.48
  MONTH TO DATE    0.34                      0.48  -0.14     1.67
  SINCE OCT 1      4.72                      2.41   2.31     4.98
  SINCE JAN 1      2.61                      1.39   1.22     3.55

SNOWFALL (IN)
  YESTERDAY       MM
  SNOW DEPTH       0

DEGREE DAYS
 HEATING
  YESTERDAY       18                        22     -4       27
  MONTH TO DATE  724                       531    193      485
  SINCE MAR 1   1988                      1569    419     1506
  SINCE JUL 1   8506                      7629    877     7857

 COOLING
  YESTERDAY        0                         0      0        0
  MONTH TO DATE    0                         0      0        0
  SINCE MAR 1      0                         0      0        0
  SINCE JAN 1      0                         0      0        0
..................................................................


WIND (MPH)
  HIGHEST WIND SPEED    49   HIGHEST WIND DIRECTION     W (260)
  HIGHEST GUST SPEED    60   HIGHEST GUST DIRECTION     W (260)
  AVERAGE WIND SPEED    21.0


SKY COVER
  AVERAGE SKY COVER 0.1


WEATHER CONDITIONS
 THE FOLLOWING WEATHER WAS RECORDED YESTERDAY.
  NO SIGNIFICANT WEATHER WAS OBSERVED.


RELATIVE HUMIDITY (PERCENT)
 HIGHEST    70           300 AM
 LOWEST     22           400 PM
 AVERAGE    46

..........................................................


THE CUT BANK MT CLIMATE NORMALS FOR TODAY
                         NORMAL    RECORD    YEAR
 MAXIMUM TEMPERATURE (F)   55        78      1969
 MINIMUM TEMPERATURE (F)   30        -5      1967


SUNRISE AND SUNSET
APRIL 22 2018.........SUNRISE   626 AM MDT   SUNSET   831 PM MDT
APRIL 23 2018.........SUNRISE   624 AM MDT   SUNSET   833 PM MDT


-  INDICATES NEGATIVE NUMBERS.
R  INDICATES RECORD WAS SET OR TIED.
MM INDICATES DATA IS MISSING.
T  INDICATES TRACE AMOUNT.




$$
