000
CDUS42 KTAE 222132
CLICTY


CLIMATE REPORT
NATIONAL WEATHER SERVICE TALLAHASSEE FL
532 PM EDT SUN APR 22 2018


...................................

...THE CROSS CITY  CLIMATE SUMMARY FOR APRIL 22 2018...
VALID TODAY AS OF 0500 PM LOCAL TIME.

CLIMATE NORMAL PERIOD 1981 TO 2010
CLIMATE RECORD PERIOD 1948 TO 2018


WEATHER ITEM   OBSERVED TIME   NORMAL DEPARTURE LAST
                VALUE   (LST)  VALUE  FROM      YEAR
                                      NORMAL
......................................................
TEMPERATURE (F)
 TODAY
  MAXIMUM         84    315 PM  81      3       86
  MINIMUM         67    535 AM  55     12       61
  AVERAGE         76            68      8

PRECIPITATION (IN)
  TODAY            0.00          0.07  -0.07     0.00
  MONTH TO DATE    6.31          2.50   3.81     2.11
  SINCE MAR 1     10.64          6.71   3.93     2.97
  SINCE JAN 1     18.32         14.02   4.30     5.52

DEGREE DAYS
 HEATING
  TODAY            0
  MONTH TO DATE   29
  SINCE MAR 1    215
  SINCE JUL 1   1164

 COOLING
  TODAY           11
  MONTH TO DATE   73
  SINCE MAR 1     94
  SINCE JAN 1    205
......................................................


WIND (MPH)
  RESULTANT WIND SPEED   9   RESULTANT WIND DIRECTION   E (110)
  HIGHEST WIND SPEED    12   HIGHEST WIND DIRECTION    SE (130)
  HIGHEST GUST SPEED    18   HIGHEST GUST DIRECTION    SE (120)
  AVERAGE WIND SPEED     9.3



WEATHER CONDITIONS
 THE FOLLOWING WEATHER WAS RECORDED TODAY.
  NO SIGNIFICANT WEATHER WAS OBSERVED.


RELATIVE HUMIDITY (PERCENT)
 HIGHEST    90
 LOWEST     55
 AVERAGE    73

..........................................................


THE CROSS CITY  CLIMATE NORMALS FOR TOMORROW
                         NORMAL
 MAXIMUM TEMPERATURE (F)   82
 MINIMUM TEMPERATURE (F)   55



-  INDICATES NEGATIVE NUMBERS.
R  INDICATES RECORD WAS SET OR TIED.
MM INDICATES DATA IS MISSING.
T  INDICATES TRACE AMOUNT.




$$
