670
CDUS43 KUNR 250832
CLICUT


CLIMATE REPORT
NATIONAL WEATHER SERVICE RAPID CITY SD
231 AM MDT WED APR 25 2018


...................................

...THE CUSTER COUNTY AIRPORT SD CLIMATE SUMMARY FOR APRIL 24 2018...

CLIMATE NORMAL PERIOD 1981 TO 2010
CLIMATE RECORD PERIOD 9999 TO 9999


WEATHER ITEM   OBSERVED TIME   NORMAL DEPARTURE LAST
                VALUE   (LST)  VALUE  FROM      YEAR
                                      NORMAL
......................................................
TEMPERATURE (F)
 YESTERDAY
  MAXIMUM         41    347 PM  54    -13       57
  MINIMUM         25   1142 PM  30     -5       34
  AVERAGE         33            42     -9       46

PRECIPITATION (IN)
  YESTERDAY        T             0.08  -0.08     0.40
  MONTH TO DATE    1.47          1.59  -0.12     2.53
  SINCE MAR 1      3.15          2.60   0.55     3.24
  SINCE JAN 1      5.46          3.46   2.00     5.25

DEGREE DAYS
 HEATING
  YESTERDAY       32            23      9       19
  MONTH TO DATE  746           643    103      545
  SINCE MAR 1   1779          1683     96     1389
  SINCE JUL 1   7571          7518     53     6757

 COOLING
  YESTERDAY        0             0      0        0
  MONTH TO DATE    0             0      0        0
  SINCE MAR 1      0             0      0        0
  SINCE JAN 1      0             0      0        0
......................................................


WIND (MPH)
  HIGHEST WIND SPEED    21   HIGHEST WIND DIRECTION     N (360)
  HIGHEST GUST SPEED    34   HIGHEST GUST DIRECTION     N (340)
  AVERAGE WIND SPEED     9.3


SKY COVER
  AVERAGE SKY COVER 0.7


WEATHER CONDITIONS
 THE FOLLOWING WEATHER WAS RECORDED YESTERDAY.
  LIGHT SNOW


RELATIVE HUMIDITY (PERCENT)
 HIGHEST    78
 LOWEST     34
 AVERAGE    56

..........................................................




SUNRISE AND SUNSET
APRIL 25 2018.........SUNRISE   555 AM MDT   SUNSET   750 PM MDT
APRIL 26 2018.........SUNRISE   554 AM MDT   SUNSET   751 PM MDT


-  INDICATES NEGATIVE NUMBERS.
R  INDICATES RECORD WAS SET OR TIED.
MM INDICATES DATA IS MISSING.
T  INDICATES TRACE AMOUNT.




$$
