000
CDUS41 KILN 240542
CLICVG


CLIMATE REPORT
NATIONAL WEATHER SERVICE WILMINGTON OH
141 AM EDT TUE APR 24 2018


...................................

...THE CINCINNATI OH CLIMATE SUMMARY FOR APRIL 23 2018...

CLIMATE NORMAL PERIOD 1981 TO 2010
CLIMATE RECORD PERIOD 1869 TO 2018


WEATHER ITEM   OBSERVED TIME   RECORD YEAR NORMAL DEPARTURE LAST
                VALUE   (LST)  VALUE       VALUE  FROM      YEAR
                                                  NORMAL
..................................................................
TEMPERATURE (F)
 YESTERDAY
  MAXIMUM         57    332 PM  88    1925  67    -10       63
  MINIMUM         52    535 AM  23    1986  46      6       43
  AVERAGE         55                        57     -2       53

PRECIPITATION (IN)
  YESTERDAY        0.45          2.30 2011   0.13   0.32     0.00
  MONTH TO DATE    3.62                      2.93   0.69     2.52
  SINCE MAR 1      7.48                      6.89   0.59     7.33
  SINCE JAN 1     17.49                     12.70   4.79    14.55

SNOWFALL (IN)
  YESTERDAY        0.0           0.0    MM   0.0    0.0      0.0
  MONTH TO DATE    2.5                       0.5    2.0      0.0
  SINCE MAR 1     12.2                       3.5    8.7      2.0
  SINCE JUL 1     23.8                      22.1    1.7     10.0
  SNOW DEPTH       0

DEGREE DAYS
 HEATING
  YESTERDAY       10                         9      1       12
  MONTH TO DATE  404                       286    118      154
  SINCE MAR 1   1175                       952    223      777
  SINCE JUL 1   4862                      4779     83     3857

 COOLING
  YESTERDAY        0                         1     -1        0
  MONTH TO DATE    7                        11     -4       33
  SINCE MAR 1      7                        11     -4       34
  SINCE JAN 1     12                        11      1       34
..................................................................


WIND (MPH)
  RESULTANT WIND SPEED  11   RESULTANT WIND DIRECTION   E (90)
  HIGHEST WIND SPEED    24   HIGHEST WIND DIRECTION    SE (120)
  HIGHEST GUST SPEED    30   HIGHEST GUST DIRECTION     E (110)
  AVERAGE WIND SPEED    11.4


SKY COVER
  POSSIBLE SUNSHINE  MM
  AVERAGE SKY COVER 1.0


WEATHER CONDITIONS
 THE FOLLOWING WEATHER WAS RECORDED YESTERDAY.
  RAIN
  LIGHT RAIN
  FOG


RELATIVE HUMIDITY (PERCENT)
 HIGHEST   100           100 PM
 LOWEST     36           100 AM
 AVERAGE    68

..........................................................


THE CINCINNATI OH CLIMATE NORMALS FOR TODAY
                         NORMAL    RECORD    YEAR
 MAXIMUM TEMPERATURE (F)   68        90      1925
 MINIMUM TEMPERATURE (F)   47        29      1996
                                             1919


SUNRISE AND SUNSET
APRIL 24 2018.........SUNRISE   649 AM EDT   SUNSET   825 PM EDT
APRIL 25 2018.........SUNRISE   648 AM EDT   SUNSET   826 PM EDT


-  INDICATES NEGATIVE NUMBERS.
R  INDICATES RECORD WAS SET OR TIED.
MM INDICATES DATA IS MISSING.
T  INDICATES TRACE AMOUNT.




$$
