000
CDUS43 KUNR 260833
CLID07


CLIMATE REPORT
NATIONAL WEATHER SERVICE RAPID CITY SD
232 AM MDT SAT MAY 26 2018


...................................

...THE FAITH SD CLIMATE SUMMARY FOR MAY 25 2018...

CLIMATE NORMAL PERIOD 1981 TO 2010
CLIMATE RECORD PERIOD 9999 TO 9999


WEATHER ITEM   OBSERVED TIME   NORMAL DEPARTURE LAST
                VALUE   (LST)  VALUE  FROM      YEAR
                                      NORMAL
......................................................
TEMPERATURE (F)
 YESTERDAY
  MAXIMUM         84    318 PM  69     15       73
  MINIMUM         61    423 AM  46     15       45
  AVERAGE         73            58     15       59

PRECIPITATION (IN)
  YESTERDAY        0.00          0.11  -0.11     0.00
  MONTH TO DATE    1.91          2.45  -0.54     1.17
  SINCE MAR 1      4.83          5.06  -0.23     3.22
  SINCE JAN 1      5.93          5.68   0.25     4.24

DEGREE DAYS
 HEATING
  YESTERDAY        0             8     -8        6
  MONTH TO DATE  155           277   -122      236
  SINCE MAR 1   2163          1888    275     1709
  SINCE JUL 1   8115          7576    539     7060

 COOLING
  YESTERDAY        8             0      8        0
  MONTH TO DATE   25             0     25       12
  SINCE MAR 1     25             1     24       12
  SINCE JAN 1     25             1     24       12
......................................................


WIND (MPH)
  HIGHEST WIND SPEED    18   HIGHEST WIND DIRECTION    NW (310)
  HIGHEST GUST SPEED    22   HIGHEST GUST DIRECTION     W (290)
  AVERAGE WIND SPEED    10.0




RELATIVE HUMIDITY (PERCENT)
 HIGHEST    84           100 AM
 LOWEST     34           300 PM
 AVERAGE    59

..........................................................




SUNRISE AND SUNSET
MAY 26 2018...........SUNRISE   508 AM MDT   SUNSET   822 PM MDT
MAY 27 2018...........SUNRISE   508 AM MDT   SUNSET   823 PM MDT


-  INDICATES NEGATIVE NUMBERS.
R  INDICATES RECORD WAS SET OR TIED.
MM INDICATES DATA IS MISSING.
T  INDICATES TRACE AMOUNT.




$$
